CRAN Package Check Results for Package kernhaz

Last updated on 2023-11-29 04:01:02 CET.

Flavor Version Tinstall Tcheck Ttotal Status Flags
r-devel-linux-x86_64-debian-clang 0.1.0 6.62 60.46 67.08 NOTE
r-devel-linux-x86_64-debian-gcc 0.1.0 5.04 46.34 51.38 NOTE
r-devel-linux-x86_64-fedora-clang 0.1.0 82.21 NOTE
r-devel-linux-x86_64-fedora-gcc 0.1.0 79.35 NOTE
r-devel-windows-x86_64 0.1.0 6.00 66.00 72.00 NOTE
r-patched-linux-x86_64 0.1.0 5.86 59.21 65.07 NOTE
r-release-linux-x86_64 0.1.0 3.80 58.90 62.70 NOTE
r-release-macos-arm64 0.1.0 30.00 NOTE
r-release-macos-x86_64 0.1.0 45.00 NOTE
r-release-windows-x86_64 0.1.0 7.00 73.00 80.00 NOTE
r-oldrel-macos-arm64 0.1.0 26.00 NOTE
r-oldrel-macos-x86_64 0.1.0 38.00 NOTE
r-oldrel-windows-x86_64 0.1.0 9.00 79.00 88.00 NOTE

Check Details

Version: 0.1.0
Check: LazyData
Result: NOTE 'LazyData' is specified without a 'data' directory Flavors: r-devel-linux-x86_64-debian-clang, r-devel-linux-x86_64-debian-gcc, r-devel-linux-x86_64-fedora-clang, r-devel-linux-x86_64-fedora-gcc, r-devel-windows-x86_64, r-patched-linux-x86_64, r-release-linux-x86_64, r-release-macos-arm64, r-release-macos-x86_64, r-release-windows-x86_64, r-oldrel-macos-arm64, r-oldrel-macos-x86_64, r-oldrel-windows-x86_64