CRAN Package Check Results for Package kernelboot

Last updated on 2022-01-19 11:54:01 CET.

Flavor Version Tinstall Tcheck Ttotal Status Flags
r-devel-linux-x86_64-debian-clang 0.1.7 NOTE
r-devel-linux-x86_64-debian-gcc 0.1.7 24.40 45.91 70.31 NOTE
r-devel-linux-x86_64-fedora-clang 0.1.7 127.92 NOTE
r-devel-linux-x86_64-fedora-gcc 0.1.7 104.53 NOTE
r-devel-windows-x86_64-new-UL 0.1.7 89.00 101.00 190.00 NOTE
r-devel-windows-x86_64-new-TK 0.1.7 NOTE
r-patched-linux-x86_64 0.1.7 30.32 57.94 88.26 NOTE
r-release-linux-x86_64 0.1.7 NOTE
r-release-macos-arm64 0.1.7 NOTE
r-release-macos-x86_64 0.1.7 NOTE
r-release-windows-ix86+x86_64 0.1.7 81.00 126.00 207.00 NOTE
r-oldrel-macos-x86_64 0.1.7 OK
r-oldrel-windows-ix86+x86_64 0.1.7 82.00 132.00 214.00 OK

Additional issues

clang-UBSAN

Check Details

Version: 0.1.7
Check: LazyData
Result: NOTE
     'LazyData' is specified without a 'data' directory
Flavors: r-devel-linux-x86_64-debian-clang, r-devel-linux-x86_64-debian-gcc, r-devel-linux-x86_64-fedora-clang, r-devel-linux-x86_64-fedora-gcc, r-devel-windows-x86_64-new-UL, r-devel-windows-x86_64-new-TK, r-patched-linux-x86_64, r-release-linux-x86_64, r-release-macos-arm64, r-release-macos-x86_64, r-release-windows-ix86+x86_64