Last updated on 2023-03-26 03:50:14 CEST.
Flavor | Version | Tinstall | Tcheck | Ttotal | Status | Flags |
---|---|---|---|---|---|---|
r-devel-linux-x86_64-debian-clang | 0.9.4 | 6.70 | 180.33 | 187.03 | NOTE | |
r-devel-linux-x86_64-debian-gcc | 0.9.4 | 4.98 | 128.14 | 133.12 | NOTE | |
r-devel-linux-x86_64-fedora-clang | 0.9.4 | 240.34 | NOTE | |||
r-devel-linux-x86_64-fedora-gcc | 0.9.4 | 229.13 | NOTE | |||
r-patched-linux-x86_64 | 0.9.4 | 6.30 | 171.23 | 177.53 | NOTE | |
r-release-linux-x86_64 | 0.9.4 | 6.39 | 174.86 | 181.25 | NOTE | |
r-release-macos-arm64 | 0.9.4 | 52.00 | NOTE | |||
r-release-macos-x86_64 | 0.9.4 | 97.00 | NOTE | |||
r-release-windows-x86_64 | 0.9.4 | 126.00 | 191.00 | 317.00 | NOTE | |
r-oldrel-macos-arm64 | 0.9.4 | 66.00 | NOTE | |||
r-oldrel-macos-x86_64 | 0.9.4 | 106.00 | NOTE | |||
r-oldrel-windows-ix86+x86_64 | 0.9.4 | 14.00 | 187.00 | 201.00 | NOTE |
Version: 0.9.4
Check: LazyData
Result: NOTE
'LazyData' is specified without a 'data' directory
Flavors: r-devel-linux-x86_64-debian-clang, r-devel-linux-x86_64-debian-gcc, r-devel-linux-x86_64-fedora-clang, r-devel-linux-x86_64-fedora-gcc, r-patched-linux-x86_64, r-release-linux-x86_64, r-release-macos-arm64, r-release-macos-x86_64, r-release-windows-x86_64, r-oldrel-macos-arm64, r-oldrel-macos-x86_64, r-oldrel-windows-ix86+x86_64