CRAN Package Check Results for Package kdtools

Last updated on 2020-07-03 03:47:11 CEST.

Flavor Version Tinstall Tcheck Ttotal Status Flags
r-devel-linux-x86_64-debian-clang 0.4.2 242.38 142.82 385.20 OK
r-devel-linux-x86_64-debian-gcc 0.4.2 88.59 96.66 185.25 OK
r-devel-linux-x86_64-fedora-clang 0.4.2 312.08 NOTE
r-devel-linux-x86_64-fedora-gcc 0.4.2 294.18 OK
r-devel-windows-ix86+x86_64 0.4.2 200.00 176.00 376.00 NOTE
r-patched-linux-x86_64 0.4.2 84.44 117.20 201.64 OK
r-patched-solaris-x86 0.4.2 365.60 OK
r-release-linux-x86_64 0.4.2 81.74 115.53 197.27 OK
r-release-osx-x86_64 0.4.2 NOTE
r-release-windows-ix86+x86_64 0.4.2 198.00 219.00 417.00 NOTE
r-oldrel-osx-x86_64 0.4.2 NOTE
r-oldrel-windows-ix86+x86_64 0.4.2 175.00 220.00 395.00 NOTE

Check Details

Version: 0.4.2
Check: installed package size
Result: NOTE
     installed size is 17.9Mb
     sub-directories of 1Mb or more:
     libs 16.6Mb
Flavors: r-devel-linux-x86_64-fedora-clang, r-devel-windows-ix86+x86_64, r-release-osx-x86_64, r-release-windows-ix86+x86_64, r-oldrel-osx-x86_64, r-oldrel-windows-ix86+x86_64