CRAN Package Check Results for Package kdetrees

Last updated on 2020-09-18 12:54:55 CEST.

Flavor Version Tinstall Tcheck Ttotal Status Flags
r-devel-linux-x86_64-debian-clang 0.1.5 5.19 61.10 66.29 NOTE
r-devel-linux-x86_64-debian-gcc 0.1.5 4.44 47.08 51.52 NOTE
r-devel-linux-x86_64-fedora-clang 0.1.5 92.76 NOTE
r-devel-linux-x86_64-fedora-gcc 0.1.5 79.71 NOTE
r-devel-windows-ix86+x86_64 0.1.5 15.00 89.00 104.00 NOTE
r-patched-linux-x86_64 0.1.5 5.33 58.07 63.40 NOTE
r-patched-solaris-x86 0.1.5 125.10 NOTE
r-release-linux-x86_64 0.1.5 5.09 59.46 64.55 NOTE
r-release-macos-x86_64 0.1.5 NOTE
r-release-windows-ix86+x86_64 0.1.5 14.00 67.00 81.00 NOTE
r-oldrel-macos-x86_64 0.1.5 NOTE
r-oldrel-windows-ix86+x86_64 0.1.5 19.00 81.00 100.00 NOTE

Check Details

Version: 0.1.5
Check: R code for possible problems
Result: NOTE
    as.matrix.multiPhylo : tip2tip: no visible global function definition
     for 'cophenetic'
    bw.nn : <anonymous>: no visible global function definition for
     'quantile'
    dist.diss: no visible binding for global variable 'median'
    dist.diss: no visible global function definition for 'dist'
    hist.kdetrees: no visible binding for global variable 'density'
    kdetrees : cutoff: no visible global function definition for 'quantile'
    kdetrees.complete: no visible global function definition for 'hist'
    kdetrees.complete: no visible global function definition for
     'write.csv'
    plot.kdetrees: no visible binding for global variable 'density'
    Undefined global functions or variables:
     cophenetic density dist hist median quantile write.csv
    Consider adding
     importFrom("graphics", "hist")
     importFrom("stats", "cophenetic", "density", "dist", "median",
     "quantile")
     importFrom("utils", "write.csv")
    to your NAMESPACE file.
Flavors: r-devel-linux-x86_64-debian-clang, r-devel-linux-x86_64-debian-gcc, r-devel-linux-x86_64-fedora-clang, r-devel-linux-x86_64-fedora-gcc, r-devel-windows-ix86+x86_64, r-patched-linux-x86_64, r-patched-solaris-x86, r-release-linux-x86_64, r-release-macos-x86_64, r-release-windows-ix86+x86_64

Version: 0.1.5
Check: R code for possible problems
Result: NOTE
    as.matrix.multiPhylo : tip2tip: no visible global function definition
     for ‘cophenetic’
    bw.nn : <anonymous>: no visible global function definition for
     ‘quantile’
    dist.diss: no visible binding for global variable ‘median’
    dist.diss: no visible global function definition for ‘dist’
    hist.kdetrees: no visible binding for global variable ‘density’
    kdetrees : cutoff: no visible global function definition for ‘quantile’
    kdetrees.complete: no visible global function definition for ‘plot’
    kdetrees.complete: no visible global function definition for ‘hist’
    kdetrees.complete: no visible global function definition for
     ‘write.csv’
    plot.kdetrees: no visible binding for global variable ‘density’
    Undefined global functions or variables:
     cophenetic density dist hist median plot quantile write.csv
    Consider adding
     importFrom("graphics", "hist", "plot")
     importFrom("stats", "cophenetic", "density", "dist", "median",
     "quantile")
     importFrom("utils", "write.csv")
    to your NAMESPACE file.
Flavors: r-oldrel-macos-x86_64, r-oldrel-windows-ix86+x86_64