CRAN Package Check Results for Package kdetrees

Last updated on 2020-02-21 12:48:48 CET.

Flavor Version Tinstall Tcheck Ttotal Status Flags
r-devel-linux-x86_64-debian-clang 0.1.5 4.39 58.12 62.51 NOTE
r-devel-linux-x86_64-debian-gcc 0.1.5 3.42 45.11 48.53 NOTE
r-devel-linux-x86_64-fedora-clang 0.1.5 77.17 WARN
r-devel-linux-x86_64-fedora-gcc 0.1.5 75.91 NOTE
r-devel-windows-ix86+x86_64 0.1.5 11.00 75.00 86.00 NOTE
r-devel-windows-ix86+x86_64-gcc8 0.1.5 19.00 113.00 132.00 NOTE
r-patched-linux-x86_64 0.1.5 3.61 51.46 55.07 NOTE
r-patched-solaris-x86 0.1.5 111.20 NOTE
r-release-linux-x86_64 0.1.5 3.66 51.51 55.17 NOTE
r-release-windows-ix86+x86_64 0.1.5 11.00 79.00 90.00 NOTE
r-release-osx-x86_64 0.1.5 NOTE
r-oldrel-windows-ix86+x86_64 0.1.5 7.00 66.00 73.00 NOTE
r-oldrel-osx-x86_64 0.1.5 NOTE

Check Details

Version: 0.1.5
Check: R code for possible problems
Result: NOTE
    as.matrix.multiPhylo : tip2tip: no visible global function definition
     for 'cophenetic'
    bw.nn : <anonymous>: no visible global function definition for
     'quantile'
    dist.diss: no visible binding for global variable 'median'
    dist.diss: no visible global function definition for 'dist'
    hist.kdetrees: no visible binding for global variable 'density'
    kdetrees : cutoff: no visible global function definition for 'quantile'
    kdetrees.complete: no visible global function definition for 'plot'
    kdetrees.complete: no visible global function definition for 'hist'
    kdetrees.complete: no visible global function definition for
     'write.csv'
    plot.kdetrees: no visible binding for global variable 'density'
    Undefined global functions or variables:
     cophenetic density dist hist median plot quantile write.csv
    Consider adding
     importFrom("graphics", "hist", "plot")
     importFrom("stats", "cophenetic", "density", "dist", "median",
     "quantile")
     importFrom("utils", "write.csv")
    to your NAMESPACE file.
Flavors: r-devel-linux-x86_64-debian-clang, r-devel-linux-x86_64-debian-gcc, r-devel-linux-x86_64-fedora-clang, r-devel-linux-x86_64-fedora-gcc, r-devel-windows-ix86+x86_64, r-devel-windows-ix86+x86_64-gcc8, r-patched-linux-x86_64, r-patched-solaris-x86, r-release-linux-x86_64, r-release-windows-ix86+x86_64, r-release-osx-x86_64, r-oldrel-windows-ix86+x86_64, r-oldrel-osx-x86_64

Version: 0.1.5
Check: package dependencies
Result: WARN
    Requires orphaned package: ‘distory’
Flavor: r-devel-linux-x86_64-fedora-clang