Last updated on 2023-02-06 06:52:00 CET.
Flavor | Version | Tinstall | Tcheck | Ttotal | Status | Flags |
---|---|---|---|---|---|---|
r-devel-linux-x86_64-debian-clang | 0.1-0 | 8.51 | 58.85 | 67.36 | OK | |
r-devel-linux-x86_64-debian-gcc | 0.1-0 | 6.41 | 46.47 | 52.88 | OK | |
r-devel-linux-x86_64-fedora-clang | 0.1-0 | 93.42 | OK | |||
r-devel-linux-x86_64-fedora-gcc | 0.1-0 | 100.53 | OK | |||
r-devel-windows-x86_64 | 0.1-0 | 49.00 | 124.00 | 173.00 | OK | |
r-patched-linux-x86_64 | 0.1-0 | 8.31 | 57.18 | 65.49 | OK | |
r-release-linux-x86_64 | 0.1-0 | 7.41 | 57.50 | 64.91 | OK | |
r-release-macos-arm64 | 0.1-0 | 5.00 | ERROR | |||
r-release-macos-x86_64 | 0.1-0 | 6.00 | ERROR | |||
r-release-windows-x86_64 | 0.1-0 | 51.00 | 114.00 | 165.00 | OK | |
r-oldrel-macos-arm64 | 0.1-0 | 9.00 | ERROR | |||
r-oldrel-macos-x86_64 | 0.1-0 | 10.00 | ERROR | |||
r-oldrel-windows-ix86+x86_64 | 0.1-0 | 24.00 | 107.00 | 131.00 | OK |
Version: 0.1-0
Check: package dependencies
Result: ERROR
Package required but not available: ‘pbdMPI’
See section ‘The DESCRIPTION file’ in the ‘Writing R Extensions’
manual.
Flavors: r-release-macos-arm64, r-release-macos-x86_64, r-oldrel-macos-arm64, r-oldrel-macos-x86_64