Last updated on 2022-05-26 12:53:42 CEST.
Flavor | Version | Tinstall | Tcheck | Ttotal | Status | Flags |
---|---|---|---|---|---|---|
r-devel-linux-x86_64-debian-clang | 3.0.0 | 14.58 | 151.34 | 165.92 | NOTE | |
r-devel-linux-x86_64-debian-gcc | 3.0.0 | 12.55 | 128.87 | 141.42 | NOTE | |
r-devel-linux-x86_64-fedora-clang | 3.0.0 | 196.13 | NOTE | |||
r-devel-linux-x86_64-fedora-gcc | 3.0.0 | 194.07 | NOTE | |||
r-devel-windows-x86_64 | 3.0.0 | 21.00 | 153.00 | 174.00 | NOTE | |
r-patched-linux-x86_64 | 3.0.0 | 12.88 | 145.90 | 158.78 | NOTE | |
r-release-linux-x86_64 | 3.0.0 | NOTE | ||||
r-release-macos-arm64 | 3.0.0 | 53.00 | NOTE | |||
r-release-macos-x86_64 | 3.0.0 | 76.00 | NOTE | |||
r-release-windows-x86_64 | 3.0.0 | 26.00 | 159.00 | 185.00 | NOTE | |
r-oldrel-macos-arm64 | 3.0.0 | 62.00 | NOTE | |||
r-oldrel-macos-x86_64 | 3.0.0 | 106.00 | NOTE | |||
r-oldrel-windows-ix86+x86_64 | 3.0.0 | 32.00 | 152.00 | 184.00 | NOTE |
Version: 3.0.0
Check: LazyData
Result: NOTE
'LazyData' is specified without a 'data' directory
Flavors: r-devel-linux-x86_64-debian-clang, r-devel-linux-x86_64-debian-gcc, r-devel-linux-x86_64-fedora-clang, r-devel-linux-x86_64-fedora-gcc, r-devel-windows-x86_64, r-patched-linux-x86_64, r-release-linux-x86_64, r-release-macos-arm64, r-release-macos-x86_64, r-release-windows-x86_64, r-oldrel-macos-arm64, r-oldrel-macos-x86_64, r-oldrel-windows-ix86+x86_64