CRAN Package Check Results for Package jwutil

Last updated on 2020-10-01 21:47:08 CEST.

Flavor Version Tinstall Tcheck Ttotal Status Flags
r-devel-linux-x86_64-debian-clang 1.2.3 71.66 45.28 116.94 OK
r-devel-linux-x86_64-debian-gcc 1.2.3 54.65 35.11 89.76 OK
r-devel-linux-x86_64-fedora-clang 1.2.3 172.74 NOTE
r-devel-linux-x86_64-fedora-gcc 1.2.3 155.81 OK
r-devel-windows-ix86+x86_64 1.2.3 124.00 97.00 221.00 OK
r-patched-linux-x86_64 1.2.3 67.60 43.32 110.92 OK
r-patched-solaris-x86 1.2.3 120.10 OK
r-release-linux-x86_64 1.2.3 64.75 43.52 108.27 OK
r-release-macos-x86_64 1.2.3 NOTE
r-release-windows-ix86+x86_64 1.2.3 163.00 114.00 277.00 OK
r-oldrel-macos-x86_64 1.2.3 NOTE
r-oldrel-windows-ix86+x86_64 1.2.3 148.00 93.00 241.00 OK

Check Details

Version: 1.2.3
Check: installed package size
Result: NOTE
     installed size is 7.2Mb
     sub-directories of 1Mb or more:
     libs 6.9Mb
Flavors: r-devel-linux-x86_64-fedora-clang, r-release-macos-x86_64, r-oldrel-macos-x86_64