CRAN Package Check Results for Package jsonify

Last updated on 2022-11-30 20:55:16 CET.

Flavor Version Tinstall Tcheck Ttotal Status Flags
r-devel-linux-x86_64-debian-clang 1.2.2 79.74 36.99 116.73 OK
r-devel-linux-x86_64-debian-gcc 1.2.2 60.45 28.31 88.76 OK
r-devel-linux-x86_64-fedora-clang 1.2.2 176.54 OK
r-devel-linux-x86_64-fedora-gcc 1.2.2 172.65 OK
r-devel-windows-x86_64 1.2.2 91.00 93.00 184.00 OK
r-patched-linux-x86_64 1.2.2 66.37 34.64 101.01 OK
r-release-linux-x86_64 1.2.2 62.72 35.23 97.95 OK
r-release-macos-arm64 1.2.2 44.00 NOTE
r-release-macos-x86_64 1.2.2 57.00 NOTE
r-release-windows-x86_64 1.2.2 181.00 96.00 277.00 OK
r-oldrel-macos-arm64 1.2.2 48.00 NOTE
r-oldrel-macos-x86_64 1.2.2 60.00 NOTE
r-oldrel-windows-ix86+x86_64 1.2.2 178.00 92.00 270.00 OK

Check Details

Version: 1.2.2
Check: installed package size
Result: NOTE
     installed size is 5.4Mb
     sub-directories of 1Mb or more:
     doc 1.2Mb
     libs 4.0Mb
Flavors: r-release-macos-arm64, r-release-macos-x86_64, r-oldrel-macos-arm64, r-oldrel-macos-x86_64