CRAN Package Check Results for Package jointseg

Last updated on 2022-12-05 11:51:42 CET.

Flavor Version Tinstall Tcheck Ttotal Status Flags
r-devel-linux-x86_64-debian-clang 1.0.2 9.05 81.80 90.85 OK
r-devel-linux-x86_64-debian-gcc 1.0.2 6.39 64.35 70.74 OK
r-devel-linux-x86_64-fedora-clang 1.0.2 138.63 OK
r-devel-linux-x86_64-fedora-gcc 1.0.2 132.60 OK
r-devel-windows-x86_64 1.0.2 50.00 146.00 196.00 OK
r-patched-linux-x86_64 1.0.2 8.86 78.63 87.49 OK
r-release-linux-x86_64 1.0.2 6.71 76.15 82.86 OK
r-release-macos-arm64 1.0.2 51.00 NOTE
r-release-macos-x86_64 1.0.2 54.00 OK
r-release-windows-x86_64 1.0.2 49.00 151.00 200.00 OK
r-oldrel-macos-arm64 1.0.2 61.00 NOTE
r-oldrel-macos-x86_64 1.0.2 79.00 OK
r-oldrel-windows-ix86+x86_64 1.0.2 25.00 170.00 195.00 OK

Check Details

Version: 1.0.2
Check: package dependencies
Result: NOTE
    Package suggested but not available for checking: ‘PSCBS’
Flavors: r-release-macos-arm64, r-oldrel-macos-arm64

Version: 1.0.2
Check: Rd cross-references
Result: NOTE
    Package unavailable to check Rd xrefs: ‘PSCBS’
Flavors: r-release-macos-arm64, r-oldrel-macos-arm64