CRAN Package Check Results for Package jmvReadWrite

Last updated on 2022-01-27 21:50:03 CET.

Flavor Version Tinstall Tcheck Ttotal Status Flags
r-devel-linux-x86_64-debian-clang 0.2.4 2.58 52.44 55.02 OK
r-devel-linux-x86_64-debian-gcc 0.2.4 2.25 39.27 41.52 OK
r-devel-linux-x86_64-fedora-clang 0.2.4 69.83 OK
r-devel-linux-x86_64-fedora-gcc 0.2.4 54.47 OK
r-devel-windows-x86_64-new-UL 0.2.4 45.00 84.00 129.00 OK
r-devel-windows-x86_64-new-TK 0.2.4 WARN
r-patched-linux-x86_64 0.2.4 2.79 39.39 42.18 OK
r-release-linux-x86_64 0.2.4 2.52 39.30 41.82 OK
r-release-macos-arm64 0.2.2 OK
r-release-macos-x86_64 0.2.4 OK
r-release-windows-ix86+x86_64 0.2.4 7.00 52.00 59.00 OK
r-oldrel-macos-x86_64 0.2.4 OK
r-oldrel-windows-ix86+x86_64 0.2.4 6.00 50.00 56.00 OK

Check Details

Version: 0.2.4
Check: package dependencies
Result: NOTE
    Package suggested but not available for checking: 'jmv'
Flavor: r-devel-windows-x86_64-new-TK

Version: 0.2.4
Check: re-building of vignette outputs
Result: WARN
    Error(s) in re-building vignettes:
    --- re-building 'jmvReadWrite.Rmd' using rmarkdown
    
    Attaching package: 'jmvReadWrite'
    
    The following object is masked from 'package:datasets':
    
     ToothGrowth
    
    Quitting from lines 77-89 (jmvReadWrite.Rmd)
    Error: processing vignette 'jmvReadWrite.Rmd' failed with diagnostics:
    there is no package called 'jmv'
    --- failed re-building 'jmvReadWrite.Rmd'
    
    SUMMARY: processing the following file failed:
     'jmvReadWrite.Rmd'
    
    Error: Vignette re-building failed.
    Execution halted
Flavor: r-devel-windows-x86_64-new-TK