Last updated on 2025-02-22 12:50:37 CET.
Flavor | Version | Tinstall | Tcheck | Ttotal | Status | Flags |
---|---|---|---|---|---|---|
r-devel-linux-x86_64-debian-clang | 0.2.4 | 35.92 | 41.48 | 77.40 | NOTE | |
r-devel-linux-x86_64-debian-gcc | 0.2.4 | 25.05 | 30.27 | 55.32 | NOTE | |
r-devel-linux-x86_64-fedora-clang | 0.2.4 | 133.28 | NOTE | |||
r-devel-linux-x86_64-fedora-gcc | 0.2.4 | 149.03 | NOTE | |||
r-devel-macos-arm64 | 0.2.4 | 43.00 | NOTE | |||
r-devel-macos-x86_64 | 0.2.4 | 93.00 | NOTE | |||
r-devel-windows-x86_64 | 0.2.4 | 38.00 | 88.00 | 126.00 | NOTE | |
r-patched-linux-x86_64 | 0.2.4 | 38.13 | 39.02 | 77.15 | NOTE | |
r-release-linux-x86_64 | 0.2.4 | 34.69 | 39.38 | 74.07 | NOTE | |
r-release-macos-arm64 | 0.2.4 | 42.00 | NOTE | |||
r-release-macos-x86_64 | 0.2.4 | 80.00 | NOTE | |||
r-release-windows-x86_64 | 0.2.4 | 37.00 | 88.00 | 125.00 | NOTE | |
r-oldrel-macos-arm64 | 0.2.4 | 48.00 | NOTE | |||
r-oldrel-macos-x86_64 | 0.2.4 | 83.00 | NOTE | |||
r-oldrel-windows-x86_64 | 0.2.4 | 46.00 | 102.00 | 148.00 | NOTE |
Version: 0.2.4
Check: C++ specification
Result: NOTE
Specified C++11: please drop specification unless essential
Flavors: r-devel-linux-x86_64-debian-clang, r-devel-linux-x86_64-debian-gcc, r-devel-linux-x86_64-fedora-clang, r-devel-linux-x86_64-fedora-gcc, r-devel-macos-arm64, r-devel-macos-x86_64, r-devel-windows-x86_64, r-patched-linux-x86_64, r-release-linux-x86_64, r-release-macos-arm64, r-release-macos-x86_64, r-release-windows-x86_64, r-oldrel-macos-arm64, r-oldrel-macos-x86_64, r-oldrel-windows-x86_64
Version: 0.2.4
Check: installed package size
Result: NOTE
installed size is 5.9Mb
sub-directories of 1Mb or more:
libs 4.6Mb
Flavors: r-release-macos-arm64, r-release-macos-x86_64, r-oldrel-macos-arm64, r-oldrel-macos-x86_64