Last updated on 2023-03-23 03:53:23 CET.
Flavor | Version | Tinstall | Tcheck | Ttotal | Status | Flags |
---|---|---|---|---|---|---|
r-devel-linux-x86_64-debian-clang | 1.1 | 163.26 | 33.74 | 197.00 | OK | |
r-devel-linux-x86_64-debian-gcc | 1.1 | 138.12 | 26.16 | 164.28 | OK | |
r-devel-linux-x86_64-fedora-clang | 1.1 | 337.61 | OK | |||
r-devel-linux-x86_64-fedora-gcc | 1.1 | 287.61 | OK | |||
r-patched-linux-x86_64 | 1.1 | 138.94 | 33.32 | 172.26 | OK | |
r-release-linux-x86_64 | 1.1 | 130.76 | 33.41 | 164.17 | OK | |
r-release-macos-arm64 | 1.1 | 81.00 | NOTE | |||
r-release-macos-x86_64 | 1.1 | 87.00 | NOTE | |||
r-release-windows-x86_64 | 1.1 | 126.00 | 98.00 | 224.00 | OK | |
r-oldrel-macos-arm64 | 1.1 | 80.00 | NOTE | |||
r-oldrel-macos-x86_64 | 1.1 | 95.00 | NOTE | |||
r-oldrel-windows-ix86+x86_64 | 1.1 | 388.00 | 93.00 | 481.00 | OK |
Version: 1.1
Check: installed package size
Result: NOTE
installed size is 11.0Mb
sub-directories of 1Mb or more:
libs 10.8Mb
Flavors: r-release-macos-arm64, r-release-macos-x86_64, r-oldrel-macos-arm64, r-oldrel-macos-x86_64