CRAN Package Check Results for Package jmastats

Last updated on 2024-03-03 12:52:51 CET.

Flavor Version Tinstall Tcheck Ttotal Status Flags
r-devel-linux-x86_64-debian-clang 0.2.0 11.10 98.08 109.18 OK
r-devel-linux-x86_64-fedora-clang 0.2.1 135.80 NOTE
r-patched-linux-x86_64 0.2.0 8.00 95.99 103.99 OK
r-release-macos-arm64 0.2.0 62.00 OK
r-release-macos-x86_64 0.2.1 92.00 OK
r-release-windows-x86_64 0.2.1 16.00 104.00 120.00 OK
r-oldrel-macos-arm64 0.2.0 48.00 OK

Check Details

Version: 0.2.1
Check: data for non-ASCII characters
Result: NOTE Note: found 16777 marked UTF-8 strings Flavor: r-devel-linux-x86_64-fedora-clang