CRAN Package Check Results for Package janitor

Last updated on 2022-01-27 12:53:52 CET.

Flavor Version Tinstall Tcheck Ttotal Status Flags
r-devel-linux-x86_64-debian-clang 2.1.0 6.89 94.90 101.79 NOTE
r-devel-linux-x86_64-debian-gcc 2.1.0 5.70 71.55 77.25 NOTE
r-devel-linux-x86_64-fedora-clang 2.1.0 122.38 NOTE
r-devel-linux-x86_64-fedora-gcc 2.1.0 110.50 NOTE
r-devel-windows-x86_64-new-UL 2.1.0 56.00 127.00 183.00 NOTE
r-devel-windows-x86_64-new-TK 2.1.0 NOTE
r-patched-linux-x86_64 2.1.0 6.70 88.62 95.32 NOTE
r-release-linux-x86_64 2.1.0 6.35 88.71 95.06 NOTE
r-release-macos-arm64 2.1.0 NOTE
r-release-macos-x86_64 2.1.0 NOTE
r-release-windows-ix86+x86_64 2.1.0 16.00 109.00 125.00 WARN
r-oldrel-macos-x86_64 2.1.0 OK
r-oldrel-windows-ix86+x86_64 2.1.0 17.00 122.00 139.00 WARN

Check Details

Version: 2.1.0
Check: LazyData
Result: NOTE
     'LazyData' is specified without a 'data' directory
Flavors: r-devel-linux-x86_64-debian-clang, r-devel-linux-x86_64-debian-gcc, r-devel-linux-x86_64-fedora-clang, r-devel-linux-x86_64-fedora-gcc, r-devel-windows-x86_64-new-UL, r-devel-windows-x86_64-new-TK, r-patched-linux-x86_64, r-release-linux-x86_64, r-release-macos-arm64, r-release-macos-x86_64, r-release-windows-ix86+x86_64

Version: 2.1.0
Check: re-building of vignette outputs
Result: WARN
    Error(s) in re-building vignettes:
    --- re-building 'janitor.Rmd' using rmarkdown
    
    Attaching package: 'janitor'
    
    The following objects are masked from 'package:stats':
    
     chisq.test, fisher.test
    
    pandoc.exe: Unknown extension: gfm_auto_identifiers
    Error: processing vignette 'janitor.Rmd' failed with diagnostics:
    pandoc document conversion failed with error 7
    --- failed re-building 'janitor.Rmd'
    
    --- re-building 'tabyls.Rmd' using rmarkdown
    
    Attaching package: 'dplyr'
    
    The following objects are masked from 'package:stats':
    
     filter, lag
    
    The following objects are masked from 'package:base':
    
     intersect, setdiff, setequal, union
    
    --- finished re-building 'tabyls.Rmd'
    
    SUMMARY: processing the following file failed:
     'janitor.Rmd'
    
    Error: Vignette re-building failed.
    Execution halted
Flavors: r-release-windows-ix86+x86_64, r-oldrel-windows-ix86+x86_64