CRAN Package Check Results for Package janeaustenr

Last updated on 2022-06-26 12:54:49 CEST.

Flavor Version Tinstall Tcheck Ttotal Status Flags
r-devel-linux-x86_64-debian-clang 0.1.5 2.46 26.94 29.40 OK
r-devel-linux-x86_64-debian-gcc 0.1.5 2.73 20.81 23.54 OK
r-devel-linux-x86_64-fedora-clang 0.1.5 47.06 NOTE
r-devel-linux-x86_64-fedora-gcc 0.1.5 47.03 NOTE
r-devel-windows-x86_64 0.1.5 20.00 56.00 76.00 OK
r-patched-linux-x86_64 0.1.5 3.89 25.45 29.34 OK
r-release-linux-x86_64 0.1.5 3.28 25.83 29.11 OK
r-release-macos-arm64 0.1.5 16.00 NOTE
r-release-macos-x86_64 0.1.5 24.00 NOTE
r-release-windows-x86_64 0.1.5 27.00 52.00 79.00 OK
r-oldrel-macos-arm64 0.1.5 25.00 NOTE
r-oldrel-macos-x86_64 0.1.5 32.00 NOTE
r-oldrel-windows-ix86+x86_64 0.1.5 6.00 47.00 53.00 OK

Check Details

Version: 0.1.5
Check: data for non-ASCII characters
Result: NOTE
     Note: found 1 marked UTF-8 string
Flavors: r-devel-linux-x86_64-fedora-clang, r-devel-linux-x86_64-fedora-gcc, r-release-macos-arm64, r-release-macos-x86_64, r-oldrel-macos-arm64, r-oldrel-macos-x86_64