Last updated on 2024-04-18 21:56:54 CEST.
Flavor | Version | Tinstall | Tcheck | Ttotal | Status | Flags |
---|---|---|---|---|---|---|
r-devel-linux-x86_64-debian-clang | 1.0.0 | 3.23 | 26.45 | 29.68 | OK | |
r-devel-linux-x86_64-debian-gcc | 1.0.0 | 2.51 | 20.41 | 22.92 | OK | |
r-devel-linux-x86_64-fedora-clang | 1.0.0 | 37.91 | NOTE | |||
r-devel-linux-x86_64-fedora-gcc | 1.0.0 | 36.56 | NOTE | |||
r-prerel-macos-arm64 | 1.0.0 | 17.00 | OK | |||
r-prerel-windows-x86_64 | 1.0.0 | 5.00 | 43.00 | 48.00 | OK | |
r-patched-linux-x86_64 | 1.0.0 | 2.87 | 25.54 | 28.41 | OK | |
r-release-linux-x86_64 | 1.0.0 | 3.12 | 24.93 | 28.05 | OK | |
r-release-macos-arm64 | 1.0.0 | 18.00 | OK | |||
r-release-macos-x86_64 | 1.0.0 | 26.00 | OK | |||
r-release-windows-x86_64 | 1.0.0 | 5.00 | 44.00 | 49.00 | OK | |
r-oldrel-macos-arm64 | 1.0.0 | 17.00 | OK | |||
r-oldrel-windows-x86_64 | 1.0.0 | 7.00 | 50.00 | 57.00 | OK |
Version: 1.0.0
Check: data for non-ASCII characters
Result: NOTE
Note: found 1 marked UTF-8 string
Flavors: r-devel-linux-x86_64-fedora-clang, r-devel-linux-x86_64-fedora-gcc