Last updated on 2024-03-28 12:50:37 CET.
Flavor | Version | Tinstall | Tcheck | Ttotal | Status | Flags |
---|---|---|---|---|---|---|
r-devel-linux-x86_64-debian-clang | 1.1.5 | 325.78 | 60.92 | 386.70 | NOTE | |
r-devel-linux-x86_64-debian-gcc | 1.1.5 | 263.31 | 47.14 | 310.45 | NOTE | |
r-devel-linux-x86_64-fedora-clang | 1.1.5 | 645.26 | NOTE | |||
r-devel-linux-x86_64-fedora-gcc | 1.1.5 | 615.23 | NOTE | |||
r-devel-windows-x86_64 | 1.1.5 | 263.00 | 5.00 | 268.00 | ERROR | |
r-patched-linux-x86_64 | 1.1.5 | 325.37 | 59.09 | 384.46 | NOTE | |
r-release-linux-x86_64 | 1.1.5 | 328.46 | 58.74 | 387.20 | NOTE | |
r-release-macos-arm64 | 1.1.5 | 116.00 | NOTE | |||
r-release-macos-x86_64 | 1.1.5 | 150.00 | NOTE | |||
r-release-windows-x86_64 | 1.1.5 | 332.00 | 194.00 | 526.00 | NOTE | |
r-oldrel-macos-arm64 | 1.1.5 | 108.00 | NOTE | |||
r-oldrel-windows-x86_64 | 1.1.5 | 312.00 | 141.00 | 453.00 | NOTE |
Version: 1.1.5
Check: for GNU extensions in Makefiles
Result: NOTE
GNU make is a SystemRequirements.
Flavors: r-devel-linux-x86_64-debian-clang, r-devel-linux-x86_64-debian-gcc, r-devel-linux-x86_64-fedora-clang, r-devel-linux-x86_64-fedora-gcc, r-patched-linux-x86_64, r-release-linux-x86_64, r-release-macos-arm64, r-release-macos-x86_64, r-release-windows-x86_64, r-oldrel-macos-arm64, r-oldrel-windows-x86_64
Version: 1.1.5
Check: whether package can be installed
Result: ERROR
Installation failed.
Flavor: r-devel-windows-x86_64
Version: 1.1.5
Check: installed package size
Result: NOTE
installed size is 19.3Mb
sub-directories of 1Mb or more:
art_profiles 1.5Mb
libs 17.0Mb
Flavors: r-release-macos-arm64, r-release-macos-x86_64, r-release-windows-x86_64, r-oldrel-macos-arm64, r-oldrel-windows-x86_64