Last updated on 2021-03-04 21:48:49 CET.
Flavor | Version | Tinstall | Tcheck | Ttotal | Status | Flags |
---|---|---|---|---|---|---|
r-devel-linux-x86_64-debian-clang | 1.2.0 | 13.86 | 87.03 | 100.89 | NOTE | --no-vignettes |
r-devel-linux-x86_64-debian-gcc | 1.2.0 | 10.52 | 64.63 | 75.15 | NOTE | --no-vignettes |
r-devel-linux-x86_64-fedora-clang | 1.2.0 | 129.06 | NOTE | --no-vignettes | ||
r-devel-linux-x86_64-fedora-gcc | 1.2.0 | 120.42 | NOTE | --no-vignettes | ||
r-devel-windows-ix86+x86_64 | 1.2.0 | 30.00 | 108.00 | 138.00 | NOTE | --no-vignettes |
r-patched-linux-x86_64 | 1.2.0 | 12.25 | 80.28 | 92.53 | NOTE | --no-vignettes |
r-patched-solaris-x86 | 1.2.0 | 149.80 | NOTE | --no-vignettes | ||
r-release-linux-x86_64 | 1.2.0 | 12.92 | 80.19 | 93.11 | NOTE | --no-vignettes |
r-release-macos-x86_64 | 1.2.0 | NOTE | ||||
r-release-windows-ix86+x86_64 | 1.2.0 | 23.00 | 111.00 | 134.00 | NOTE | --no-vignettes |
r-oldrel-macos-x86_64 | 1.2.0 | NOTE | ||||
r-oldrel-windows-ix86+x86_64 | 1.2.0 | 38.00 | 114.00 | 152.00 | NOTE | --no-vignettes |
Version: 1.2.0
Flags: --no-vignettes
Check: package dependencies
Result: NOTE
Package suggested but not available for checking: 'gurobi'
Flavors: r-devel-linux-x86_64-debian-clang, r-devel-linux-x86_64-debian-gcc, r-patched-linux-x86_64, r-release-linux-x86_64
Version: 1.2.0
Flags: --no-vignettes
Check: package dependencies
Result: NOTE
Packages suggested but not available for checking: 'gurobi', 'cplexAPI'
Flavors: r-devel-linux-x86_64-fedora-clang, r-devel-linux-x86_64-fedora-gcc, r-devel-windows-ix86+x86_64, r-patched-solaris-x86, r-release-windows-ix86+x86_64, r-oldrel-windows-ix86+x86_64
Version: 1.2.0
Check: package dependencies
Result: NOTE
Packages suggested but not available for checking: 'gurobi', 'cplexAPI'
Flavors: r-release-macos-x86_64, r-oldrel-macos-x86_64