Last updated on 2024-03-29 06:56:29 CET.
Flavor | Version | Tinstall | Tcheck | Ttotal | Status | Flags |
---|---|---|---|---|---|---|
r-devel-linux-x86_64-debian-clang | 1.0.1 | 40.93 | 117.66 | 158.59 | OK | |
r-devel-linux-x86_64-debian-gcc | 1.0.1 | 30.16 | 92.38 | 122.54 | OK | |
r-devel-linux-x86_64-fedora-clang | 1.0.1 | 215.98 | NOTE | |||
r-devel-linux-x86_64-fedora-gcc | 1.0.1 | 222.10 | NOTE | |||
r-devel-windows-x86_64 | 1.0.1 | 40.00 | 129.00 | 169.00 | OK | |
r-patched-linux-x86_64 | 1.0.1 | 29.00 | 117.91 | 146.91 | OK | |
r-release-linux-x86_64 | 1.0.1 | 41.57 | 117.67 | 159.24 | OK | |
r-release-macos-arm64 | 1.0.1 | 68.00 | OK | |||
r-release-macos-x86_64 | 1.0.1 | 103.00 | OK | |||
r-release-windows-x86_64 | 1.0.1 | 43.00 | 154.00 | 197.00 | OK | |
r-oldrel-macos-arm64 | 1.0.1 | 56.00 | NOTE | |||
r-oldrel-windows-x86_64 | 1.0.1 | 45.00 | 147.00 | 192.00 | OK |
Version: 1.0.1
Check: data for non-ASCII characters
Result: NOTE
Note: found 58 marked UTF-8 strings
Flavors: r-devel-linux-x86_64-fedora-clang, r-devel-linux-x86_64-fedora-gcc, r-oldrel-macos-arm64