Last updated on 2023-12-06 12:53:37 CET.
Flavor | Version | Tinstall | Tcheck | Ttotal | Status | Flags |
---|---|---|---|---|---|---|
r-devel-linux-x86_64-debian-clang | 0.5.24-3 | 176.14 | 59.34 | 235.48 | OK | |
r-devel-linux-x86_64-debian-gcc | 0.5.24-3 | 136.88 | 41.51 | 178.39 | OK | |
r-devel-linux-x86_64-fedora-clang | 0.5.24-3 | 321.55 | OK | |||
r-devel-linux-x86_64-fedora-gcc | 0.5.24-3 | 373.74 | OK | |||
r-devel-windows-x86_64 | 0.5.24-3 | 97.00 | 119.00 | 216.00 | OK | |
r-patched-linux-x86_64 | 0.5.24-1 | 159.02 | 58.77 | 217.79 | OK | |
r-release-linux-x86_64 | 0.5.24-3 | 158.41 | 57.86 | 216.27 | OK | |
r-release-macos-arm64 | 0.5.24-3 | 90.00 | NOTE | |||
r-release-macos-x86_64 | 0.5.24-3 | 193.00 | NOTE | |||
r-release-windows-x86_64 | 0.5.24-3 | 143.00 | 114.00 | 257.00 | OK | |
r-oldrel-macos-arm64 | 0.5.24-3 | 69.00 | NOTE | |||
r-oldrel-macos-x86_64 | 0.5.22 | 100.00 | NOTE | |||
r-oldrel-windows-x86_64 | 0.5.24-2 | 88.00 | 121.00 | 209.00 | OK |
Version: 0.5.24-3
Check: installed package size
Result: NOTE
installed size is 13.7Mb
sub-directories of 1Mb or more:
doc 1.6Mb
libs 11.8Mb
Flavors: r-release-macos-arm64, r-release-macos-x86_64, r-oldrel-macos-arm64
Version: 0.5.22
Check: installed package size
Result: NOTE
installed size is 15.6Mb
sub-directories of 1Mb or more:
doc 1.6Mb
libs 13.7Mb
Flavor: r-oldrel-macos-x86_64