Last updated on 2023-09-29 12:57:00 CEST.
Flavor | Version | Tinstall | Tcheck | Ttotal | Status | Flags |
---|---|---|---|---|---|---|
r-devel-linux-x86_64-debian-clang | 0.1.0 | 46.41 | 99.21 | 145.62 | OK | |
r-devel-linux-x86_64-debian-gcc | 0.1.0 | 32.40 | 76.27 | 108.67 | OK | |
r-devel-linux-x86_64-fedora-clang | 0.1.0 | 190.76 | NOTE | |||
r-devel-linux-x86_64-fedora-gcc | 0.1.0 | 205.93 | NOTE | |||
r-devel-windows-x86_64 | 0.1.0 | 37.00 | 118.00 | 155.00 | OK | |
r-patched-linux-x86_64 | 0.1.0 | 40.09 | 97.81 | 137.90 | OK | |
r-release-linux-x86_64 | 0.1.0 | 43.60 | 97.75 | 141.35 | OK | |
r-release-macos-arm64 | 0.1.0 | 59.00 | OK | |||
r-release-macos-x86_64 | 0.1.0 | 96.00 | OK | |||
r-release-windows-x86_64 | 0.1.0 | 46.00 | 140.00 | 186.00 | OK | |
r-oldrel-macos-arm64 | 0.1.0 | 49.00 | OK | |||
r-oldrel-macos-x86_64 | 0.1.0 | 67.00 | NOTE | |||
r-oldrel-windows-x86_64 | 0.1.0 | 39.00 | 130.00 | 169.00 | OK |
Version: 0.1.0
Check: dependencies in R code
Result: NOTE
Namespace in Imports field not imported from: ‘Rcpp’
All declared Imports should be used.
Flavors: r-devel-linux-x86_64-fedora-clang, r-devel-linux-x86_64-fedora-gcc, r-oldrel-macos-x86_64