Last updated on 2024-03-29 06:56:29 CET.
Flavor | Version | Tinstall | Tcheck | Ttotal | Status | Flags |
---|---|---|---|---|---|---|
r-devel-linux-x86_64-debian-clang | 2.0-7.1 | 12.66 | 67.25 | 79.91 | NOTE | |
r-devel-linux-x86_64-debian-gcc | 2.0-7.1 | 8.74 | 51.59 | 60.33 | NOTE | |
r-devel-linux-x86_64-fedora-clang | 2.0-7.1 | 101.34 | NOTE | |||
r-devel-linux-x86_64-fedora-gcc | 2.0-7.1 | 111.73 | NOTE | |||
r-devel-windows-x86_64 | 2.0-7.1 | 12.00 | 91.00 | 103.00 | NOTE | |
r-patched-linux-x86_64 | 2.0-7.1 | 14.21 | 68.61 | 82.82 | NOTE | |
r-release-linux-x86_64 | 2.0-7.1 | 10.64 | 66.62 | 77.26 | OK | |
r-release-macos-arm64 | 2.0-7.1 | 37.00 | OK | |||
r-release-macos-x86_64 | 2.0-7.1 | 71.00 | OK | |||
r-release-windows-x86_64 | 2.0-7.1 | 17.00 | 93.00 | 110.00 | OK | |
r-oldrel-macos-arm64 | 2.0-7.1 | 34.00 | OK | |||
r-oldrel-windows-x86_64 | 2.0-7.1 | 15.00 | 94.00 | 109.00 | OK |
Version: 2.0-7.1
Check: Rd files
Result: NOTE
checkRd: (-1) CLM.Rd:30: Lost braces
30 | item{tau0}{the mean circular Kendall Tau of the initial order with the data.}
| ^
checkRd: (-1) CLM.Rd:30: Lost braces
30 | item{tau0}{the mean circular Kendall Tau of the initial order with the data.}
| ^
Flavors: r-devel-linux-x86_64-debian-clang, r-devel-linux-x86_64-debian-gcc, r-devel-linux-x86_64-fedora-clang, r-devel-linux-x86_64-fedora-gcc, r-devel-windows-x86_64, r-patched-linux-x86_64