CRAN Package Check Results for Package islasso

Last updated on 2023-03-26 03:50:13 CEST.

Flavor Version Tinstall Tcheck Ttotal Status Flags
r-devel-linux-x86_64-debian-clang 1.4.3 16.92 270.22 287.14 WARN
r-devel-linux-x86_64-debian-gcc 1.4.3 12.79 222.57 235.36 WARN
r-devel-linux-x86_64-fedora-clang 1.4.3 374.70 WARN
r-devel-linux-x86_64-fedora-gcc 1.4.3 380.82 WARN
r-patched-linux-x86_64 1.4.3 18.10 284.22 302.32 WARN
r-release-linux-x86_64 1.4.3 16.71 285.99 302.70 OK
r-release-macos-arm64 1.4.3 153.00 OK
r-release-macos-x86_64 1.4.3 158.00 OK
r-release-windows-x86_64 1.4.3 155.00 355.00 510.00 OK
r-oldrel-macos-arm64 1.4.3 153.00 OK
r-oldrel-macos-x86_64 1.4.3 139.00 OK
r-oldrel-windows-ix86+x86_64 1.4.3 37.00 376.00 413.00 OK

Check Details

Version: 1.4.3
Check: whether package can be installed
Result: WARN
    Found the following significant warnings:
     trace_islasso.c:39:31: warning: a function declaration without a prototype is deprecated in all versions of C [-Wstrict-prototypes]
    See ‘/home/hornik/tmp/R.check/r-devel-clang/Work/PKGS/islasso.Rcheck/00install.out’ for details.
    * used C compiler: ‘Debian clang version 15.0.6’
    * used Fortran compiler: ‘GNU Fortran (Debian 12.2.0-14) 12.2.0’
Flavor: r-devel-linux-x86_64-debian-clang

Version: 1.4.3
Check: Rd \usage sections
Result: NOTE
    S3 methods shown with full name in documentation object ‘islasso-internal’:
     ‘format.perc’
    
    The \usage entries for S3 methods should use the \method markup and not
    their full name.
    See chapter ‘Writing R documentation files’ in the ‘Writing R
    Extensions’ manual.
Flavors: r-devel-linux-x86_64-debian-clang, r-devel-linux-x86_64-debian-gcc, r-devel-linux-x86_64-fedora-clang, r-devel-linux-x86_64-fedora-gcc, r-patched-linux-x86_64

Version: 1.4.3
Check: whether package can be installed
Result: WARN
    Found the following significant warnings:
     trace_islasso.c:39:14: warning: function declaration isn’t a prototype [-Wstrict-prototypes]
    See ‘/home/hornik/tmp/R.check/r-devel-gcc/Work/PKGS/islasso.Rcheck/00install.out’ for details.
    * used C compiler: ‘gcc-12 (Debian 12.2.0-14) 12.2.0’
    * used Fortran compiler: ‘GNU Fortran (Debian 12.2.0-14) 12.2.0’
Flavor: r-devel-linux-x86_64-debian-gcc

Version: 1.4.3
Check: whether package can be installed
Result: WARN
    Found the following significant warnings:
     trace_islasso.c:39:31: warning: a function declaration without a prototype is deprecated in all versions of C [-Wstrict-prototypes]
    See ‘/data/gannet/ripley/R/packages/tests-clang/islasso.Rcheck/00install.out’ for details.
    * used C compiler: ‘clang version 16.0.0’
    * used Fortran compiler: ‘GNU Fortran (GCC) 12.2.1 20221121 (Red Hat 12.2.1-4)’
Flavor: r-devel-linux-x86_64-fedora-clang

Version: 1.4.3
Check: whether package can be installed
Result: WARN
    Found the following significant warnings:
     trace_islasso.c:39:14: warning: function declaration isn’t a prototype [-Wstrict-prototypes]
    See ‘/data/gannet/ripley/R/packages/tests-devel/islasso.Rcheck/00install.out’ for details.
    * used C compiler: ‘gcc (GCC) 12.2.1 20221121 (Red Hat 12.2.1-4)’
    * used Fortran compiler: ‘GNU Fortran (GCC) 12.2.1 20221121 (Red Hat 12.2.1-4)’
Flavor: r-devel-linux-x86_64-fedora-gcc

Version: 1.4.3
Check: whether package can be installed
Result: WARN
    Found the following significant warnings:
     trace_islasso.c:39:14: warning: function declaration isn’t a prototype [-Wstrict-prototypes]
    See ‘/home/hornik/tmp/R.check/r-patched-gcc/Work/PKGS/islasso.Rcheck/00install.out’ for details.
    * used C compiler: ‘gcc-11 (Debian 11.3.0-12) 11.3.0’
    * used Fortran compiler: ‘GNU Fortran (Debian 11.3.0-12) 11.3.0’
Flavor: r-patched-linux-x86_64