CRAN Package Check Results for Package isdals

Last updated on 2022-10-06 21:49:55 CEST.

Flavor Version Tinstall Tcheck Ttotal Status Flags
r-devel-linux-x86_64-debian-clang 3.0.0 2.66 55.91 58.57 NOTE
r-devel-linux-x86_64-debian-gcc 3.0.0 2.30 43.88 46.18 NOTE
r-devel-linux-x86_64-fedora-clang 3.0.0 85.98 NOTE
r-devel-linux-x86_64-fedora-gcc 3.0.0 81.27 NOTE
r-devel-windows-x86_64 3.0.0 28.00 119.00 147.00 NOTE
r-patched-linux-x86_64 3.0.0 4.14 54.42 58.56 OK
r-release-linux-x86_64 3.0.0 2.94 53.61 56.55 OK
r-release-macos-arm64 3.0.0 28.00 OK
r-release-macos-x86_64 3.0.0 42.00 OK
r-release-windows-x86_64 3.0.0 26.00 116.00 142.00 OK
r-oldrel-macos-arm64 3.0.0 27.00 OK
r-oldrel-macos-x86_64 3.0.0 45.00 OK
r-oldrel-windows-ix86+x86_64 3.0.0 6.00 88.00 94.00 OK

Check Details

Version: 3.0.0
Check: Rd files
Result: NOTE
    checkRd: (-1) pine.Rd:20: Escaped LaTeX specials: \&
Flavors: r-devel-linux-x86_64-debian-clang, r-devel-linux-x86_64-debian-gcc, r-devel-linux-x86_64-fedora-clang, r-devel-linux-x86_64-fedora-gcc, r-devel-windows-x86_64