CRAN Package Check Results for Package irlba

Last updated on 2022-01-25 21:52:49 CET.

Flavor Version Tinstall Tcheck Ttotal Status Flags
r-devel-linux-x86_64-debian-clang 2.3.5 10.08 96.47 106.55 OK
r-devel-linux-x86_64-debian-gcc 2.3.5 7.40 74.32 81.72 OK
r-devel-linux-x86_64-fedora-clang 2.3.5 125.81 OK
r-devel-linux-x86_64-fedora-gcc 2.3.5 118.76 OK
r-devel-windows-x86_64-new-UL 2.3.5 38.00 131.00 169.00 OK
r-devel-windows-x86_64-new-TK 2.3.5 OK
r-patched-linux-x86_64 2.3.5 9.55 89.57 99.12 NOTE
r-release-linux-x86_64 2.3.5 7.78 89.17 96.95 NOTE
r-release-macos-arm64 2.3.5 OK
r-release-macos-x86_64 2.3.5 OK
r-release-windows-ix86+x86_64 2.3.5 22.00 155.00 177.00 OK
r-oldrel-macos-x86_64 2.3.5 OK
r-oldrel-windows-ix86+x86_64 2.3.5 22.00 157.00 179.00 OK

Check Details

Version: 2.3.5
Check: DESCRIPTION meta-information
Result: NOTE
    Dependence on R version ‘3.6.2’ not with patchlevel 0
Flavors: r-patched-linux-x86_64, r-release-linux-x86_64