CRAN Package Check Results for Package ir

Last updated on 2024-02-25 04:14:57 CET.

Flavor Version Tinstall Tcheck Ttotal Status Flags
r-devel-linux-x86_64-debian-clang 0.2.1 13.55 214.62 228.17 NOTE
r-devel-linux-x86_64-debian-gcc 0.2.1 9.59 165.77 175.36 NOTE
r-devel-linux-x86_64-fedora-clang 0.2.1 275.76 NOTE
r-devel-linux-x86_64-fedora-gcc 0.2.1 302.99 NOTE
r-devel-windows-x86_64 0.2.1 12.00 181.00 193.00 NOTE
r-patched-linux-x86_64 0.2.1 9.96 209.73 219.69 NOTE
r-release-linux-x86_64 0.2.1 8.09 210.65 218.74 NOTE
r-release-macos-arm64 0.2.1 105.00 NOTE
r-release-macos-x86_64 0.2.1 184.00 NOTE
r-release-windows-x86_64 0.2.1 17.00 234.00 251.00 NOTE
r-oldrel-macos-arm64 0.2.1 93.00 OK
r-oldrel-windows-x86_64 0.2.1 17.00 233.00 250.00 OK

Check Details

Version: 0.2.1
Check: Rd files
Result: NOTE checkRd: (-1) ir_to_transmittance.Rd:49: Escaped LaTeX specials: \& Flavors: r-devel-linux-x86_64-debian-clang, r-devel-linux-x86_64-debian-gcc, r-devel-linux-x86_64-fedora-clang, r-devel-linux-x86_64-fedora-gcc, r-devel-windows-x86_64, r-patched-linux-x86_64, r-release-linux-x86_64, r-release-macos-arm64, r-release-macos-x86_64, r-release-windows-x86_64