Last updated on 2021-03-07 21:48:49 CET.
Flavor | Version | Tinstall | Tcheck | Ttotal | Status | Flags |
---|---|---|---|---|---|---|
r-devel-linux-x86_64-debian-clang | 0.0.11 | 10.88 | 95.59 | 106.47 | OK | |
r-devel-linux-x86_64-debian-gcc | 0.0.11 | 10.90 | 73.23 | 84.13 | OK | |
r-devel-linux-x86_64-fedora-clang | 0.0.11 | 137.43 | NOTE | |||
r-devel-linux-x86_64-fedora-gcc | 0.0.11 | 127.89 | NOTE | |||
r-devel-windows-ix86+x86_64 | 0.0.11 | 25.00 | 128.00 | 153.00 | OK | |
r-devel-windows-x86_64-gcc10-UCRT | 0.0.11 | NOTE | ||||
r-patched-linux-x86_64 | 0.0.11 | 10.41 | 88.61 | 99.02 | OK | |
r-patched-solaris-x86 | 0.0.11 | 190.40 | NOTE | |||
r-release-linux-x86_64 | 0.0.11 | 10.84 | 88.09 | 98.93 | OK | |
r-release-macos-x86_64 | 0.0.11 | NOTE | ||||
r-release-windows-ix86+x86_64 | 0.0.11 | 21.00 | 102.00 | 123.00 | OK | |
r-oldrel-macos-x86_64 | 0.0.11 | NOTE | ||||
r-oldrel-windows-ix86+x86_64 | 0.0.11 | 18.00 | 87.00 | 105.00 | OK |
Version: 0.0.11
Check: dependencies in R code
Result: NOTE
Namespace in Imports field not imported from: ‘seqinr’
All declared Imports should be used.
Flavors: r-devel-linux-x86_64-fedora-clang, r-devel-linux-x86_64-fedora-gcc, r-devel-windows-x86_64-gcc10-UCRT, r-patched-solaris-x86, r-release-macos-x86_64, r-oldrel-macos-x86_64