CRAN Package Check Results for Package ips

Last updated on 2025-02-01 21:49:15 CET.

Flavor Version Tinstall Tcheck Ttotal Status Flags
r-devel-linux-x86_64-debian-clang 0.0.12 14.40 100.39 114.79 NOTE
r-devel-linux-x86_64-debian-gcc 0.0.12 8.95 71.21 80.16 NOTE
r-devel-linux-x86_64-fedora-clang 0.0.12 184.37 OK
r-devel-linux-x86_64-fedora-gcc 0.0.12 169.48 OK
r-devel-windows-x86_64 0.0.12 14.00 109.00 123.00 NOTE
r-patched-linux-x86_64 0.0.12 18.29 94.99 113.28 OK
r-release-linux-x86_64 0.0.12 12.76 92.58 105.34 OK
r-release-macos-arm64 0.0.12 52.00 OK
r-release-macos-x86_64 0.0.12 71.00 OK
r-release-windows-x86_64 0.0.12 14.00 110.00 124.00 OK
r-oldrel-macos-arm64 0.0.12 57.00 OK
r-oldrel-macos-x86_64 0.0.12 115.00 OK
r-oldrel-windows-x86_64 0.0.12 19.00 137.00 156.00 OK

Check Details

Version: 0.0.12
Check: Rd cross-references
Result: NOTE Found the following Rd file(s) with Rd \link{} targets missing package anchors: DNAbin2index.Rd: DNAbin EmptyCells.Rd: DNAbin code.simple.gaps.Rd: DNAbin collapseUnsupportedEdges.Rd: phylo combMyTree.Rd: phylo del.miss.Rd: DNAbin deleteGaps.Rd: DNAbin fixNodes.Rd: phylo, read.nexus forceEqualTipHeights.Rd: is.ultrametric, chronos index2DNAbin.Rd: DNAbin ips-package.Rd: ladderize, rotate ips.16S.Rd: DNAbin ips.28S.Rd: DNAbin ips.cox1.Rd: DNAbin mafft.Rd: phylo mafft.merge.Rd: DNAbin, AAbin, phylo mrbayes.Rd: DNAbin multistate.Rd: ace neighboringPairs.Rd: mst ntip.Rd: phylo pathd8.Rd: phylo phylo2mafft.Rd: phylo phylo2mst.Rd: phylo pis.Rd: DNAbin raxml.Rd: DNAbin, phylo raxml.partitions.Rd: DNAbin, cbind.DNAbin rbeauti.Rd: DNAbin read.Rd: cbind.DNAbin sister.Rd: phylo splitIntoClades.Rd: phylo terminalSisters.Rd: phylo tipHeights.Rd: phylo, branching.times traitRate.Rd: phylo, DNAbin, read.tree write.fas.Rd: DNAbin Please provide package anchors for all Rd \link{} targets not in the package itself and the base packages. Flavors: r-devel-linux-x86_64-debian-clang, r-devel-linux-x86_64-debian-gcc, r-devel-windows-x86_64