Last updated on 2023-03-31 12:54:14 CEST.
Flavor | Version | Tinstall | Tcheck | Ttotal | Status | Flags |
---|---|---|---|---|---|---|
r-devel-linux-x86_64-debian-clang | 0.7.3 | 81.46 | 100.78 | 182.24 | OK | |
r-devel-linux-x86_64-debian-gcc | 0.7.3 | 62.26 | 77.69 | 139.95 | OK | |
r-devel-linux-x86_64-fedora-clang | 0.7.3 | 250.26 | OK | |||
r-devel-linux-x86_64-fedora-gcc | 0.7.3 | 246.03 | OK | |||
r-devel-windows-x86_64 | 0.7.3 | 106.00 | 0.00 | 106.00 | OK | |
r-patched-linux-x86_64 | 0.7.3 | 78.18 | 98.58 | 176.76 | OK | |
r-release-linux-x86_64 | 0.7.3 | 66.89 | 97.71 | 164.60 | OK | |
r-release-macos-arm64 | 0.7.3 | 60.00 | NOTE | |||
r-release-macos-x86_64 | 0.7.3 | 103.00 | NOTE | |||
r-release-windows-x86_64 | 0.7.3 | 99.00 | 160.00 | 259.00 | OK | |
r-oldrel-macos-arm64 | 0.7.3 | 69.00 | NOTE | |||
r-oldrel-macos-x86_64 | 0.7.3 | 96.00 | NOTE | |||
r-oldrel-windows-ix86+x86_64 | 0.7.3 | 182.00 | 172.00 | 354.00 | OK |
Version: 0.7.3
Check: installed package size
Result: NOTE
installed size is 9.0Mb
sub-directories of 1Mb or more:
libs 7.7Mb
Flavors: r-release-macos-arm64, r-release-macos-x86_64, r-oldrel-macos-arm64, r-oldrel-macos-x86_64