CRAN Package Check Results for Package ipaddress

Last updated on 2020-10-01 12:49:04 CEST.

Flavor Version Tinstall Tcheck Ttotal Status Flags
r-devel-linux-x86_64-debian-clang 0.5.1 154.17 51.18 205.35 OK
r-devel-linux-x86_64-debian-gcc 0.5.1 114.02 39.42 153.44 OK
r-devel-linux-x86_64-fedora-clang 0.5.1 300.48 NOTE
r-devel-linux-x86_64-fedora-gcc 0.5.1 276.48 OK
r-devel-windows-ix86+x86_64 0.5.1 364.00 105.00 469.00 OK
r-patched-linux-x86_64 0.5.1 143.49 48.73 192.22 OK
r-patched-solaris-x86 0.5.1 221.00 OK
r-release-linux-x86_64 0.5.1 139.49 48.83 188.32 OK
r-release-macos-x86_64 0.5.1 NOTE
r-release-windows-ix86+x86_64 0.5.1 377.00 112.00 489.00 OK
r-oldrel-macos-x86_64 0.5.1 NOTE
r-oldrel-windows-ix86+x86_64 0.5.1 338.00 105.00 443.00 OK

Check Details

Version: 0.5.1
Check: installed package size
Result: NOTE
     installed size is 10.2Mb
     sub-directories of 1Mb or more:
     libs 9.7Mb
Flavors: r-devel-linux-x86_64-fedora-clang, r-release-macos-x86_64, r-oldrel-macos-x86_64