Last updated on 2023-12-06 05:52:56 CET.
Flavor | Version | Tinstall | Tcheck | Ttotal | Status | Flags |
---|---|---|---|---|---|---|
r-devel-linux-x86_64-debian-clang | 0.3.2 | 4.31 | 42.22 | 46.53 | OK | |
r-devel-linux-x86_64-debian-gcc | 0.3.2 | 4.32 | 32.30 | 36.62 | OK | |
r-devel-linux-x86_64-fedora-clang | 0.3.2 | 57.95 | OK | |||
r-devel-linux-x86_64-fedora-gcc | 0.3.2 | 55.58 | OK | |||
r-devel-windows-x86_64 | 0.3.2 | 5.00 | 52.00 | 57.00 | OK | |
r-patched-linux-x86_64 | 0.3.2 | 4.22 | 40.83 | 45.05 | OK | |
r-release-linux-x86_64 | 0.3.2 | 3.09 | 40.62 | 43.71 | OK | |
r-release-macos-arm64 | 0.3.2 | 22.00 | NOTE | |||
r-release-macos-x86_64 | 0.3.2 | 30.00 | NOTE | |||
r-release-windows-x86_64 | 0.3.2 | 7.00 | 57.00 | 64.00 | OK | |
r-oldrel-macos-arm64 | 0.3.2 | 21.00 | NOTE | |||
r-oldrel-macos-x86_64 | 0.3.2 | 26.00 | OK | |||
r-oldrel-windows-x86_64 | 0.3.2 | 6.00 | 59.00 | 65.00 | OK |
Version: 0.3.2
Check: package dependencies
Result: NOTE
Package suggested but not available for checking: ‘rhdf5’
Flavors: r-release-macos-arm64, r-release-macos-x86_64, r-oldrel-macos-arm64