Last updated on 2021-03-07 21:48:49 CET.
Flavor | Version | Tinstall | Tcheck | Ttotal | Status | Flags |
---|---|---|---|---|---|---|
r-devel-linux-x86_64-debian-clang | 0.3.2 | 4.03 | 34.23 | 38.26 | OK | |
r-devel-linux-x86_64-debian-gcc | 0.3.2 | 2.92 | 26.66 | 29.58 | OK | |
r-devel-linux-x86_64-fedora-clang | 0.3.2 | 55.96 | OK | |||
r-devel-linux-x86_64-fedora-gcc | 0.3.2 | 48.03 | OK | |||
r-devel-windows-ix86+x86_64 | 0.3.2 | 7.00 | 61.00 | 68.00 | OK | |
r-devel-windows-x86_64-gcc10-UCRT | 0.3.2 | NOTE | ||||
r-patched-linux-x86_64 | 0.3.2 | 3.57 | 32.64 | 36.21 | OK | |
r-patched-solaris-x86 | 0.3.2 | 67.80 | OK | |||
r-release-linux-x86_64 | 0.3.2 | 4.16 | 33.03 | 37.19 | OK | |
r-release-macos-x86_64 | 0.3.2 | OK | ||||
r-release-windows-ix86+x86_64 | 0.3.2 | 7.00 | 41.00 | 48.00 | OK | |
r-oldrel-macos-x86_64 | 0.3.2 | OK | ||||
r-oldrel-windows-ix86+x86_64 | 0.3.2 | 5.00 | 40.00 | 45.00 | OK |
Version: 0.3.2
Check: package dependencies
Result: NOTE
Package suggested but not available for checking: 'rhdf5'
Flavor: r-devel-windows-x86_64-gcc10-UCRT