Last updated on 2024-03-28 12:50:36 CET.
Flavor | Version | Tinstall | Tcheck | Ttotal | Status | Flags |
---|---|---|---|---|---|---|
r-devel-linux-x86_64-debian-clang | 1.1-6 | 6.97 | 69.80 | 76.77 | OK | |
r-devel-linux-x86_64-debian-gcc | 1.1-6 | 6.18 | 54.32 | 60.50 | OK | |
r-devel-linux-x86_64-fedora-clang | 1.1-6 | 95.02 | NOTE | |||
r-devel-linux-x86_64-fedora-gcc | 1.1-6 | 90.86 | NOTE | |||
r-devel-windows-x86_64 | 1.1-6 | 7.00 | 71.00 | 78.00 | OK | |
r-patched-linux-x86_64 | 1.1-6 | 8.08 | 65.79 | 73.87 | OK | |
r-release-linux-x86_64 | 1.1-6 | 8.04 | 66.46 | 74.50 | OK | |
r-release-macos-arm64 | 1.1-6 | 42.00 | OK | |||
r-release-macos-x86_64 | 1.1-6 | 68.00 | OK | |||
r-release-windows-x86_64 | 1.1-6 | 10.00 | 89.00 | 99.00 | OK | |
r-oldrel-macos-arm64 | 1.1-6 | 208.00 | OK | |||
r-oldrel-windows-x86_64 | 1.1-6 | 10.00 | 94.00 | 104.00 | OK |
Version: 1.1-6
Check: data for non-ASCII characters
Result: NOTE
Note: found 12106 marked UTF-8 strings
Flavors: r-devel-linux-x86_64-fedora-clang, r-devel-linux-x86_64-fedora-gcc