CRAN Package Check Results for Package interflex

Last updated on 2022-06-30 06:49:27 CEST.

Flavor Version Tinstall Tcheck Ttotal Status Flags
r-devel-linux-x86_64-debian-clang 1.2.6 91.15 180.46 271.61 OK
r-devel-linux-x86_64-debian-gcc 1.2.6 74.68 129.92 204.60 OK
r-devel-linux-x86_64-fedora-clang 1.2.6 361.12 OK
r-devel-linux-x86_64-fedora-gcc 1.2.6 341.80 OK
r-devel-windows-x86_64 1.2.6 89.00 212.00 301.00 OK
r-patched-linux-x86_64 1.2.6 78.27 170.37 248.64 OK
r-release-linux-x86_64 1.2.6 77.63 167.98 245.61 OK
r-release-macos-arm64 1.2.6 80.00 OK
r-release-macos-x86_64 1.2.6 7.00 ERROR
r-release-windows-x86_64 1.2.6 91.00 196.00 287.00 OK
r-oldrel-macos-arm64 1.2.6 92.00 OK
r-oldrel-macos-x86_64 1.2.6 150.00 OK
r-oldrel-windows-ix86+x86_64 1.2.6 210.00 246.00 456.00 OK

Check Details

Version: 1.2.6
Check: package dependencies
Result: ERROR
    Package required but not available: ‘pcse’
    
    See section ‘The DESCRIPTION file’ in the ‘Writing R Extensions’
    manual.
Flavor: r-release-macos-x86_64