CRAN Package Check Results for Package intensity.analysis

Last updated on 2020-09-24 12:50:43 CEST.

Flavor Version Tinstall Tcheck Ttotal Status Flags
r-devel-linux-x86_64-debian-clang 0.1.6 10.59 130.15 140.74 OK
r-devel-linux-x86_64-debian-gcc 0.1.6 9.44 96.96 106.40 OK
r-devel-linux-x86_64-fedora-clang 0.1.6 174.13 NOTE
r-devel-linux-x86_64-fedora-gcc 0.1.6 164.60 NOTE
r-devel-windows-ix86+x86_64 0.1.6 30.00 147.00 177.00 OK
r-patched-linux-x86_64 0.1.6 10.11 119.75 129.86 OK
r-patched-solaris-x86 0.1.6 236.80 NOTE
r-release-linux-x86_64 0.1.6 11.08 119.88 130.96 OK
r-release-macos-x86_64 0.1.6 NOTE
r-release-windows-ix86+x86_64 0.1.6 33.00 147.00 180.00 OK
r-oldrel-macos-x86_64 0.1.6 NOTE
r-oldrel-windows-ix86+x86_64 0.1.6 17.00 148.00 165.00 OK

Check Details

Version: 0.1.6
Check: dependencies in R code
Result: NOTE
    Namespace in Imports field not imported from: ‘grDevices’
     All declared Imports should be used.
Flavors: r-devel-linux-x86_64-fedora-clang, r-devel-linux-x86_64-fedora-gcc, r-patched-solaris-x86, r-release-macos-x86_64, r-oldrel-macos-x86_64