Last updated on 2023-03-30 21:49:56 CEST.
Flavor | Version | Tinstall | Tcheck | Ttotal | Status | Flags |
---|---|---|---|---|---|---|
r-devel-linux-x86_64-debian-clang | 1.5-6 | 18.35 | 220.44 | 238.79 | OK | |
r-devel-linux-x86_64-debian-gcc | 1.5-6 | 12.54 | 174.44 | 186.98 | OK | |
r-devel-linux-x86_64-fedora-clang | 1.5-6 | 307.49 | OK | |||
r-devel-linux-x86_64-fedora-gcc | 1.5-6 | 311.57 | OK | |||
r-devel-windows-x86_64 | 1.5-6 | 48.00 | 0.00 | 48.00 | OK | |
r-patched-linux-x86_64 | 1.5-6 | 14.17 | 226.65 | 240.82 | OK | |
r-release-linux-x86_64 | 1.5-6 | 13.46 | 223.15 | 236.61 | OK | |
r-release-macos-arm64 | 1.5-6 | 77.00 | OK | |||
r-release-macos-x86_64 | 1.5-6 | 110.00 | OK | |||
r-release-windows-x86_64 | 1.5-6 | 29.00 | 274.00 | 303.00 | OK | |
r-oldrel-macos-arm64 | 1.5-6 | 69.00 | OK | |||
r-oldrel-macos-x86_64 | 1.5-6 | 111.00 | OK | |||
r-oldrel-windows-ix86+x86_64 | 1.5-6 | 35.00 | 22.00 | 57.00 | ERROR |
Version: 1.5-6
Check: whether package can be installed
Result: ERROR
Installation failed.
Flavor: r-oldrel-windows-ix86+x86_64