CRAN Package Check Results for Package intRvals

Last updated on 2024-05-22 06:01:40 CEST.

Flavor Version Tinstall Tcheck Ttotal Status Flags
r-devel-linux-x86_64-debian-clang 1.0.1 11.84 106.24 118.08 NOTE
r-devel-linux-x86_64-debian-gcc 1.0.1 6.15 79.19 85.34 NOTE
r-devel-linux-x86_64-fedora-clang 1.0.1 145.00 NOTE
r-devel-linux-x86_64-fedora-gcc 1.0.1 138.23 NOTE
r-devel-windows-x86_64 1.0.1 10.00 97.00 107.00 NOTE
r-patched-linux-x86_64 1.0.1 9.36 104.94 114.30 NOTE
r-release-linux-x86_64 1.0.1 6.71 104.19 110.90 NOTE
r-release-macos-arm64 1.0.1 44.00 NOTE
r-release-windows-x86_64 1.0.1 10.00 96.00 106.00 NOTE
r-oldrel-macos-arm64 1.0.1 48.00 OK
r-oldrel-macos-x86_64 1.0.1 75.00 OK
r-oldrel-windows-x86_64 1.0.1 14.00 114.00 128.00 OK

Check Details

Version: 1.0.1
Check: Rd files
Result: NOTE checkRd: (-1) intRvals-package.Rd:60: Lost braces 60 | B\'{e}dard, J. & Gauthier, G. 1986. Assessment of faecal output in geese. Journal of Applied Ecology, 23, 77-90. | ^ checkRd: (-1) partition.Rd:64: Lost braces 64 | Bates, D., M\"{a}chler, M., Bolker, B.M. & Walker, S.C. (2015). Fitting linear mixed-effects models using lme4. Journal of Statistical Software, 67, 1-48. | ^ Flavors: r-devel-linux-x86_64-debian-clang, r-devel-linux-x86_64-debian-gcc, r-devel-linux-x86_64-fedora-clang, r-devel-linux-x86_64-fedora-gcc, r-devel-windows-x86_64, r-patched-linux-x86_64, r-release-linux-x86_64, r-release-macos-arm64, r-release-windows-x86_64