CRAN Package Check Results for Package installr

Last updated on 2022-01-21 11:52:03 CET.

Flavor Version Tinstall Tcheck Ttotal Status Flags
r-devel-linux-x86_64-debian-clang 0.23.2 5.77 56.55 62.32 OK
r-devel-linux-x86_64-debian-gcc 0.23.2 3.67 42.99 46.66 OK
r-devel-linux-x86_64-fedora-clang 0.23.2 74.02 OK
r-devel-linux-x86_64-fedora-gcc 0.23.2 72.31 NOTE
r-devel-windows-x86_64-new-UL 0.23.2 109.00 87.00 196.00 OK
r-devel-windows-x86_64-new-TK 0.23.2 OK
r-patched-linux-x86_64 0.23.2 6.17 54.76 60.93 OK
r-release-linux-x86_64 0.23.2 5.64 55.06 60.70 OK
r-release-macos-arm64 0.23.2 OK
r-release-macos-x86_64 0.23.2 OK
r-release-windows-ix86+x86_64 0.23.2 11.00 70.00 81.00 OK
r-oldrel-macos-x86_64 0.23.2 OK
r-oldrel-windows-ix86+x86_64 0.23.2 9.00 69.00 78.00 OK

Check Details

Version: 0.23.2
Check: for non-standard things in the check directory
Result: NOTE
    Found the following files/directories:
     ‘pkgbuild’
Flavor: r-devel-linux-x86_64-fedora-gcc