Last updated on 2023-12-06 21:54:22 CET.
Flavor | Version | Tinstall | Tcheck | Ttotal | Status | Flags |
---|---|---|---|---|---|---|
r-devel-linux-x86_64-debian-clang | 0.19.7 | 31.38 | 637.10 | 668.48 | OK | |
r-devel-linux-x86_64-debian-gcc | 0.19.7 | 20.96 | 479.87 | 500.83 | OK | |
r-devel-linux-x86_64-fedora-clang | 0.19.7 | 815.98 | OK | |||
r-devel-linux-x86_64-fedora-gcc | 0.19.7 | 789.92 | OK | |||
r-devel-windows-x86_64 | 0.19.7 | 28.00 | 352.00 | 380.00 | OK | |
r-patched-linux-x86_64 | 0.19.7 | 32.69 | 605.87 | 638.56 | NOTE | |
r-release-linux-x86_64 | 0.19.7 | 27.85 | 615.73 | 643.58 | OK | |
r-release-macos-arm64 | 0.19.7 | 178.00 | OK | |||
r-release-macos-x86_64 | 0.19.7 | 481.00 | OK | |||
r-release-windows-x86_64 | 0.19.7 | 35.00 | 458.00 | 493.00 | OK | |
r-oldrel-macos-arm64 | 0.19.7 | 178.00 | OK | |||
r-oldrel-macos-x86_64 | 0.19.6 | 704.00 | OK | |||
r-oldrel-windows-x86_64 | 0.19.7 | 41.00 | 451.00 | 492.00 | OK |
Version: 0.19.7
Check: package dependencies
Result: NOTE
Package suggested but not available for checking: ‘blavaan’
Flavor: r-patched-linux-x86_64