Last updated on 2024-04-26 12:54:36 CEST.
Flavor | Version | Tinstall | Tcheck | Ttotal | Status | Flags |
---|---|---|---|---|---|---|
r-devel-linux-x86_64-debian-clang | 1.1.5 | 71.18 | 335.08 | 406.26 | OK | |
r-devel-linux-x86_64-debian-gcc | 1.1.5 | 58.62 | 236.48 | 295.10 | OK | |
r-devel-linux-x86_64-fedora-clang | 1.1.5 | 495.25 | NOTE | |||
r-devel-linux-x86_64-fedora-gcc | 1.1.5 | 496.03 | OK | |||
r-devel-windows-x86_64 | 1.1.5 | 53.00 | 221.00 | 274.00 | NOTE | |
r-patched-linux-x86_64 | 1.1.5 | 66.95 | 315.60 | 382.55 | OK | |
r-release-linux-x86_64 | 1.1.5 | 64.92 | 316.81 | 381.73 | OK | |
r-release-macos-arm64 | 1.1.5 | 138.00 | ERROR | |||
r-release-macos-x86_64 | 1.1.5 | 383.00 | ERROR | |||
r-release-windows-x86_64 | 1.1.5 | 53.00 | 219.00 | 272.00 | NOTE | |
r-oldrel-macos-arm64 | 1.1.5 | 137.00 | ERROR | |||
r-oldrel-macos-x86_64 | 1.1.5 | 310.00 | ERROR | |||
r-oldrel-windows-x86_64 | 1.1.5 | 76.00 | 305.00 | 381.00 | NOTE |
Version: 1.1.5
Check: installed package size
Result: NOTE
installed size is 5.5Mb
sub-directories of 1Mb or more:
data 5.1Mb
Flavors: r-devel-linux-x86_64-fedora-clang, r-devel-windows-x86_64, r-release-macos-arm64, r-release-macos-x86_64, r-release-windows-x86_64, r-oldrel-macos-arm64, r-oldrel-macos-x86_64, r-oldrel-windows-x86_64
Version: 1.1.5
Check: examples
Result: ERROR
Running examples in ‘inldata-Ex.R’ failed
The error most likely occurred in:
> ### Name: write_datasets
> ### Title: Write Package Datasets
> ### Aliases: write_datasets
>
> ### ** Examples
>
> dir <- tempfile("")
> write_datasets(
+ package = "inldata",
+ destdir = dir,
+ include = c("crs", "dl", "inl"),
+ pretty = FALSE,
+ quiet = TRUE
+ )
Error in parquet___WriterProperties___Builder__create() :
Cannot call parquet___WriterProperties___Builder__create(). See https://arrow.apache.org/docs/r/articles/install.html for help installing Arrow C++ libraries.
Calls: write_datasets ... <Anonymous> -> parquet___WriterProperties___Builder__create
Execution halted
Flavors: r-release-macos-arm64, r-oldrel-macos-arm64, r-oldrel-macos-x86_64
Version: 1.1.5
Check: package dependencies
Result: NOTE
Package suggested but not available for checking: ‘arrow’
Flavor: r-release-macos-x86_64
Version: 1.1.5
Check: examples
Result: ERROR
Running examples in ‘inldata-Ex.R’ failed
The error most likely occurred in:
> ### Name: write_datasets
> ### Title: Write Package Datasets
> ### Aliases: write_datasets
>
> ### ** Examples
>
> dir <- tempfile("")
> write_datasets(
+ package = "inldata",
+ destdir = dir,
+ include = c("crs", "dl", "inl"),
+ pretty = FALSE,
+ quiet = TRUE
+ )
Error: Writing datasets requires the 'arrow' package
Execution halted
Flavor: r-release-macos-x86_64