Last updated on 2025-02-08 12:49:32 CET.
Flavor | Version | Tinstall | Tcheck | Ttotal | Status | Flags |
---|---|---|---|---|---|---|
r-devel-linux-x86_64-debian-clang | 0.1.2 | 6.07 | 49.95 | 56.02 | OK | |
r-devel-linux-x86_64-debian-gcc | 0.1.2 | 4.15 | 36.47 | 40.62 | OK | |
r-devel-linux-x86_64-fedora-clang | 0.1.2 | 88.57 | OK | |||
r-devel-linux-x86_64-fedora-gcc | 0.1.2 | 82.88 | OK | |||
r-devel-windows-x86_64 | 0.1.2 | 7.00 | 65.00 | 72.00 | OK | |
r-patched-linux-x86_64 | 0.1.2 | 5.69 | 46.25 | 51.94 | NOTE | |
r-release-linux-x86_64 | 0.1.2 | 5.63 | 45.26 | 50.89 | NOTE | |
r-release-macos-arm64 | 0.1.2 | 29.00 | NOTE | |||
r-release-macos-x86_64 | 0.1.2 | 42.00 | NOTE | |||
r-release-windows-x86_64 | 0.1.2 | 8.00 | 76.00 | 84.00 | NOTE | |
r-oldrel-macos-arm64 | 0.1.2 | 28.00 | NOTE | |||
r-oldrel-macos-x86_64 | 0.1.2 | 41.00 | NOTE | |||
r-oldrel-windows-x86_64 | 0.1.2 | 8.00 | 75.00 | 83.00 | NOTE |
Version: 0.1.2
Check: LazyData
Result: NOTE
'LazyData' is specified without a 'data' directory
Flavors: r-patched-linux-x86_64, r-release-linux-x86_64, r-release-macos-arm64, r-release-macos-x86_64, r-release-windows-x86_64, r-oldrel-macos-arm64, r-oldrel-macos-x86_64, r-oldrel-windows-x86_64