Last updated on 2025-05-20 21:50:14 CEST.
Flavor | Version | Tinstall | Tcheck | Ttotal | Status | Flags |
---|---|---|---|---|---|---|
r-devel-linux-x86_64-debian-clang | 1.3.6 | 2.33 | 59.26 | 61.59 | NOTE | |
r-devel-linux-x86_64-debian-gcc | 1.3.6 | 1.87 | 46.75 | 48.62 | NOTE | |
r-devel-linux-x86_64-fedora-clang | 1.3.6 | 93.45 | OK | |||
r-devel-linux-x86_64-fedora-gcc | 1.3.6 | 107.66 | OK | |||
r-devel-windows-x86_64 | 1.3.6 | 6.00 | 100.00 | 106.00 | OK | |
r-patched-linux-x86_64 | 1.3.6 | 3.00 | 56.36 | 59.36 | OK | |
r-release-linux-x86_64 | 1.3.6 | 2.10 | 56.78 | 58.88 | OK | |
r-release-macos-arm64 | 1.3.6 | 103.00 | OK | |||
r-release-macos-x86_64 | 1.3.6 | 73.00 | OK | |||
r-release-windows-x86_64 | 1.3.6 | 3.00 | 106.00 | 109.00 | OK | |
r-oldrel-macos-arm64 | 1.3.6 | 46.00 | OK | |||
r-oldrel-macos-x86_64 | 1.3.6 | 60.00 | OK | |||
r-oldrel-windows-x86_64 | 1.3.6 | 5.00 | 101.00 | 106.00 | OK |
Version: 1.3.6
Check: CRAN incoming feasibility
Result: NOTE
Maintainer: ‘Demetris T. Christopoulos <dchristop@econ.uoa.gr>’
No Authors@R field in DESCRIPTION.
Please add one, modifying
Authors@R: person(given = c("Demetris", "T."),
family = "Christopoulos",
role = c("aut", "cre"),
email = "dchristop@econ.uoa.gr")
as necessary.
Flavors: r-devel-linux-x86_64-debian-clang, r-devel-linux-x86_64-debian-gcc