Last updated on 2024-04-19 06:03:20 CEST.
Flavor | Version | Tinstall | Tcheck | Ttotal | Status | Flags |
---|---|---|---|---|---|---|
r-devel-linux-x86_64-debian-clang | 1.0.2 | 3.82 | 51.64 | 55.46 | NOTE | |
r-devel-linux-x86_64-debian-gcc | 1.0.2 | NOTE | ||||
r-devel-linux-x86_64-fedora-clang | 1.0.2 | 70.29 | NOTE | |||
r-devel-linux-x86_64-fedora-gcc | 1.0.2 | 407.71 | NOTE | |||
r-prerel-macos-arm64 | 1.0.2 | 96.00 | NOTE | |||
r-prerel-windows-x86_64 | 1.0.2 | 4.00 | 59.00 | 63.00 | NOTE | |
r-patched-linux-x86_64 | 1.0.2 | 8.67 | 47.42 | 56.09 | NOTE | |
r-release-linux-x86_64 | 1.0.2 | 2.43 | 47.05 | 49.48 | OK | |
r-release-macos-arm64 | 1.0.2 | 101.00 | OK | |||
r-release-macos-x86_64 | 1.0.2 | 189.00 | OK | |||
r-release-windows-x86_64 | 1.0.2 | 5.00 | 66.00 | 71.00 | OK | |
r-oldrel-macos-arm64 | 1.0.2 | 85.00 | OK | |||
r-oldrel-windows-x86_64 | 1.0.2 | 5.00 | 67.00 | 72.00 | OK |
Version: 1.0.2
Check: Rd files
Result: NOTE
checkRd: (-1) vaccinesim.Rd:10: Lost braces in \itemize; meant \describe ?
checkRd: (-1) vaccinesim.Rd:11: Lost braces in \itemize; meant \describe ?
checkRd: (-1) vaccinesim.Rd:12: Lost braces in \itemize; meant \describe ?
checkRd: (-1) vaccinesim.Rd:13: Lost braces in \itemize; meant \describe ?
checkRd: (-1) vaccinesim.Rd:14: Lost braces in \itemize; meant \describe ?
checkRd: (-1) vaccinesim.Rd:15: Lost braces in \itemize; meant \describe ?
checkRd: (-1) voters.Rd:10: Lost braces in \itemize; meant \describe ?
checkRd: (-1) voters.Rd:11: Lost braces in \itemize; meant \describe ?
checkRd: (-1) voters.Rd:12: Lost braces in \itemize; meant \describe ?
checkRd: (-1) voters.Rd:13: Lost braces in \itemize; meant \describe ?
checkRd: (-1) voters.Rd:14: Lost braces in \itemize; meant \describe ?
checkRd: (-1) voters.Rd:15: Lost braces in \itemize; meant \describe ?
checkRd: (-1) voters.Rd:16: Lost braces in \itemize; meant \describe ?
checkRd: (-1) voters.Rd:17: Lost braces in \itemize; meant \describe ?
checkRd: (-1) voters.Rd:18: Lost braces in \itemize; meant \describe ?
Flavors: r-devel-linux-x86_64-debian-clang, r-devel-linux-x86_64-debian-gcc, r-devel-linux-x86_64-fedora-clang, r-devel-linux-x86_64-fedora-gcc, r-prerel-macos-arm64, r-prerel-windows-x86_64, r-patched-linux-x86_64