CRAN Package Check Results for Package indiedown

Last updated on 2023-03-24 06:50:39 CET.

Flavor Version Tinstall Tcheck Ttotal Status Flags
r-devel-linux-x86_64-debian-clang 0.1.1 2.31 32.21 34.52 NOTE
r-devel-linux-x86_64-debian-gcc 0.1.1 2.04 28.14 30.18 NOTE
r-devel-linux-x86_64-fedora-clang 0.1.1 49.96 NOTE
r-devel-linux-x86_64-fedora-gcc 0.1.1 57.18 NOTE
r-patched-linux-x86_64 0.1.1 2.65 37.32 39.97 NOTE
r-release-linux-x86_64 0.1.1 2.77 36.36 39.13 NOTE
r-release-macos-arm64 0.1.1 22.00 NOTE
r-release-macos-x86_64 0.1.1 36.00 NOTE
r-release-windows-x86_64 0.1.1 38.00 73.00 111.00 NOTE
r-oldrel-macos-arm64 0.1.1 26.00 NOTE
r-oldrel-macos-x86_64 0.1.1 39.00 NOTE
r-oldrel-windows-ix86+x86_64 0.1.1 7.00 65.00 72.00 NOTE

Check Details

Version: 0.1.1
Check: LazyData
Result: NOTE
     'LazyData' is specified without a 'data' directory
Flavors: r-devel-linux-x86_64-debian-clang, r-devel-linux-x86_64-debian-gcc, r-devel-linux-x86_64-fedora-clang, r-devel-linux-x86_64-fedora-gcc, r-patched-linux-x86_64, r-release-linux-x86_64, r-release-macos-arm64, r-release-macos-x86_64, r-release-windows-x86_64, r-oldrel-macos-arm64, r-oldrel-macos-x86_64, r-oldrel-windows-ix86+x86_64

Version: 0.1.1
Check: dependencies in R code
Result: NOTE
    Initiating curl with CURL_SSL_BACKEND: openssl
Flavor: r-oldrel-windows-ix86+x86_64