CRAN Package Check Results for Package incidentally

Last updated on 2024-07-15 11:55:17 CEST.

Flavor Version Tinstall Tcheck Ttotal Status Flags
r-devel-linux-x86_64-debian-clang 1.0.2 3.76 86.78 90.54 OK
r-devel-linux-x86_64-debian-gcc 1.0.2 2.76 63.96 66.72 OK
r-devel-linux-x86_64-fedora-clang 1.0.2 117.26 OK
r-devel-linux-x86_64-fedora-gcc 1.0.2 116.81 OK
r-devel-windows-x86_64 1.0.2 4.00 91.00 95.00 NOTE
r-patched-linux-x86_64 1.0.2 7.99 82.84 90.83 OK
r-release-linux-x86_64 1.0.2 3.04 83.91 86.95 OK
r-release-macos-arm64 1.0.2 57.00 OK
r-release-macos-x86_64 1.0.2 93.00 OK
r-release-windows-x86_64 1.0.2 4.00 89.00 93.00 OK
r-oldrel-macos-arm64 1.0.2 63.00 OK
r-oldrel-macos-x86_64 1.0.2 88.00 OK
r-oldrel-windows-x86_64 1.0.2 4.00 105.00 109.00 OK

Check Details

Version: 1.0.2
Check: Rd cross-references
Result: NOTE Found the following Rd file(s) with Rd \link{} targets missing package anchors: add.blocks.Rd: igraph curveball.Rd: igraph incidence.from.adjacency.Rd: igraph incidence.from.distribution.Rd: igraph incidence.from.probability.Rd: igraph incidence.from.vector.Rd: igraph Please provide package anchors for all Rd \link{} targets not in the package itself and the base packages. Flavor: r-devel-windows-x86_64