Last updated on 2024-04-24 12:56:37 CEST.
Flavor | Version | Tinstall | Tcheck | Ttotal | Status | Flags |
---|---|---|---|---|---|---|
r-devel-linux-x86_64-debian-clang | 1.7.3 | 4.36 | 137.02 | 141.38 | NOTE | |
r-devel-linux-x86_64-debian-gcc | 1.7.3 | 3.45 | 103.57 | 107.02 | NOTE | |
r-devel-linux-x86_64-fedora-clang | 1.7.3 | 181.17 | NOTE | |||
r-devel-linux-x86_64-fedora-gcc | 1.7.3 | 188.21 | NOTE | |||
r-devel-windows-x86_64 | 1.7.3 | 5.00 | 112.00 | 117.00 | NOTE | |
r-patched-linux-x86_64 | 1.7.3 | 3.72 | 135.58 | 139.30 | NOTE | |
r-release-linux-x86_64 | 1.7.3 | 3.33 | 132.32 | 135.65 | OK | |
r-release-macos-arm64 | 1.7.3 | 61.00 | OK | |||
r-release-windows-x86_64 | 1.7.3 | 5.00 | 111.00 | 116.00 | NOTE | |
r-oldrel-macos-arm64 | 1.7.3 | 47.00 | OK | |||
r-oldrel-macos-x86_64 | 1.7.3 | 95.00 | OK | |||
r-oldrel-windows-x86_64 | 1.7.3 | 6.00 | 131.00 | 137.00 | OK |
Version: 1.7.3
Check: Rd files
Result: NOTE
checkRd: (-1) incidence.Rd:172: Lost braces; missing escapes or markup?
172 | using the pattern "{n} {W} weeks" where "{W}" represents the weekday in an
| ^
checkRd: (-1) incidence.Rd:172: Lost braces; missing escapes or markup?
172 | using the pattern "{n} {W} weeks" where "{W}" represents the weekday in an
| ^
checkRd: (-1) incidence.Rd:172: Lost braces; missing escapes or markup?
172 | using the pattern "{n} {W} weeks" where "{W}" represents the weekday in an
| ^
checkRd: (-1) incidence.Rd:173: Lost braces; missing escapes or markup?
173 | English or current locale and "{n}" represents the duration, but this can be
| ^
Flavors: r-devel-linux-x86_64-debian-clang, r-devel-linux-x86_64-debian-gcc, r-devel-linux-x86_64-fedora-clang, r-devel-linux-x86_64-fedora-gcc, r-devel-windows-x86_64, r-patched-linux-x86_64, r-release-windows-x86_64