Last updated on 2024-04-18 03:51:58 CEST.
Flavor | Version | Tinstall | Tcheck | Ttotal | Status | Flags |
---|---|---|---|---|---|---|
r-devel-linux-x86_64-debian-clang | 1.0.1 | 31.66 | 60.48 | 92.14 | NOTE | |
r-devel-linux-x86_64-debian-gcc | 1.0.1 | 19.07 | 44.90 | 63.97 | NOTE | |
r-devel-linux-x86_64-fedora-clang | 1.0.1 | 117.58 | NOTE | |||
r-devel-linux-x86_64-fedora-gcc | 1.0.1 | 109.39 | NOTE | |||
r-prerel-macos-arm64 | 1.0.1 | 33.00 | NOTE | |||
r-prerel-windows-x86_64 | 1.0.1 | 22.00 | 84.00 | 106.00 | NOTE | |
r-patched-linux-x86_64 | 1.0.1 | 25.32 | 56.13 | 81.45 | NOTE | |
r-release-linux-x86_64 | 1.0.1 | 19.27 | 56.49 | 75.76 | NOTE | |
r-release-macos-arm64 | 1.0.1 | 35.00 | NOTE | |||
r-release-macos-x86_64 | 1.0.1 | 61.00 | NOTE | |||
r-release-windows-x86_64 | 1.0.1 | 29.00 | 96.00 | 125.00 | NOTE | |
r-oldrel-macos-arm64 | 1.0.1 | 33.00 | NOTE | |||
r-oldrel-windows-x86_64 | 1.0.1 | 31.00 | 96.00 | 127.00 | OK |
Version: 1.0.1
Check: C++ specification
Result: NOTE
Specified C++11: please drop specification unless essential
Flavors: r-devel-linux-x86_64-debian-clang, r-devel-linux-x86_64-debian-gcc, r-devel-linux-x86_64-fedora-clang, r-devel-linux-x86_64-fedora-gcc, r-prerel-macos-arm64, r-prerel-windows-x86_64, r-patched-linux-x86_64, r-release-linux-x86_64, r-release-macos-arm64, r-release-macos-x86_64, r-release-windows-x86_64
Version: 1.0.1
Check: dependencies in R code
Result: NOTE
Namespace in Imports field not imported from: ‘testthat’
All declared Imports should be used.
Flavors: r-devel-linux-x86_64-fedora-clang, r-devel-linux-x86_64-fedora-gcc, r-oldrel-macos-arm64