CRAN Package Check Results for Package incgraph

Last updated on 2022-05-25 21:53:01 CEST.

Flavor Version Tinstall Tcheck Ttotal Status Flags
r-devel-linux-x86_64-debian-clang 1.0.1 23.81 74.78 98.59 OK
r-devel-linux-x86_64-debian-gcc 1.0.1 19.51 55.87 75.38 OK
r-devel-linux-x86_64-fedora-clang 1.0.1 127.65 NOTE
r-devel-linux-x86_64-fedora-gcc 1.0.1 119.98 NOTE
r-devel-windows-x86_64 1.0.1 30.00 110.00 140.00 OK
r-patched-linux-x86_64 1.0.1 21.81 71.09 92.90 OK
r-release-linux-x86_64 1.0.1 OK
r-release-macos-arm64 1.0.1 33.00 NOTE
r-release-macos-x86_64 1.0.1 64.00 NOTE
r-release-windows-x86_64 1.0.1 32.00 107.00 139.00 OK
r-oldrel-macos-arm64 1.0.1 40.00 NOTE
r-oldrel-macos-x86_64 1.0.1 67.00 NOTE
r-oldrel-windows-ix86+x86_64 1.0.1 64.00 125.00 189.00 OK

Check Details

Version: 1.0.1
Check: dependencies in R code
Result: NOTE
    Namespace in Imports field not imported from: ‘testthat’
     All declared Imports should be used.
Flavors: r-devel-linux-x86_64-fedora-clang, r-devel-linux-x86_64-fedora-gcc, r-release-macos-arm64, r-release-macos-x86_64, r-oldrel-macos-arm64, r-oldrel-macos-x86_64