Last updated on 2023-03-21 03:54:25 CET.
Flavor | Version | Tinstall | Tcheck | Ttotal | Status | Flags |
---|---|---|---|---|---|---|
r-devel-linux-x86_64-debian-clang | 3.0.3 | NOTE | ||||
r-devel-linux-x86_64-debian-gcc | 3.0.3 | 7.18 | 61.67 | 68.85 | NOTE | |
r-devel-linux-x86_64-fedora-clang | 3.0.3 | 111.02 | NOTE | |||
r-devel-linux-x86_64-fedora-gcc | 3.0.3 | 105.83 | NOTE | |||
r-patched-linux-x86_64 | 3.0.3 | 5.37 | 74.19 | 79.56 | NOTE | |
r-release-linux-x86_64 | 3.0.3 | 8.89 | 80.42 | 89.31 | NOTE | |
r-release-macos-arm64 | 3.0.3 | 35.00 | NOTE | |||
r-release-macos-x86_64 | 3.0.3 | 60.00 | NOTE | |||
r-release-windows-x86_64 | 3.0.3 | 23.00 | 111.00 | 134.00 | NOTE | |
r-oldrel-macos-arm64 | 3.0.3 | 41.00 | NOTE | |||
r-oldrel-macos-x86_64 | 3.0.3 | 52.00 | NOTE | |||
r-oldrel-windows-ix86+x86_64 | 3.0.3 | 21.00 | 109.00 | 130.00 | NOTE |
Version: 3.0.3
Check: LazyData
Result: NOTE
'LazyData' is specified without a 'data' directory
Flavors: r-devel-linux-x86_64-debian-clang, r-devel-linux-x86_64-debian-gcc, r-devel-linux-x86_64-fedora-clang, r-devel-linux-x86_64-fedora-gcc, r-patched-linux-x86_64, r-release-linux-x86_64, r-release-macos-arm64, r-release-macos-x86_64, r-release-windows-x86_64, r-oldrel-macos-arm64, r-oldrel-macos-x86_64, r-oldrel-windows-ix86+x86_64
Version: 3.0.3
Check: R code for possible problems
Result: NOTE
Initiating curl with CURL_SSL_BACKEND: openssl
Flavor: r-oldrel-windows-ix86+x86_64