CRAN Package Check Results for Package imputeTS

Last updated on 2020-07-15 03:46:48 CEST.

Flavor Version Tinstall Tcheck Ttotal Status Flags
r-devel-linux-x86_64-debian-clang 3.0 36.37 191.67 228.04 OK
r-devel-linux-x86_64-debian-gcc 3.0 25.71 132.80 158.51 OK
r-devel-linux-x86_64-fedora-clang 3.0 289.38 OK
r-devel-linux-x86_64-fedora-gcc 3.0 283.73 OK
r-devel-windows-ix86+x86_64 3.0 104.00 460.00 564.00 OK
r-patched-linux-x86_64 3.0 27.99 191.64 219.63 OK
r-patched-solaris-x86 3.0 400.70 OK
r-release-linux-x86_64 3.0 28.56 192.22 220.78 OK
r-release-macos-x86_64 3.0 ERROR
r-release-windows-ix86+x86_64 3.0 90.00 499.00 589.00 OK
r-oldrel-macos-x86_64 3.0 OK
r-oldrel-windows-ix86+x86_64 3.0 86.00 515.00 601.00 OK

Check Details

Version: 3.0
Check: whether package can be installed
Result: ERROR
    Installation failed.
Flavor: r-release-macos-x86_64