CRAN Package Check Results for Package imputeMulti

Last updated on 2020-04-08 12:48:54 CEST.

Flavor Version Tinstall Tcheck Ttotal Status Flags
r-devel-linux-x86_64-debian-clang 0.6.4 33.20 30.40 63.60 NOTE
r-devel-linux-x86_64-debian-gcc 0.6.4 17.54 23.92 41.46 NOTE
r-devel-linux-x86_64-fedora-clang 0.6.4 78.10 NOTE
r-devel-linux-x86_64-fedora-gcc 0.6.4 77.50 NOTE
r-devel-windows-ix86+x86_64 0.6.4 51.00 84.00 135.00 NOTE
r-devel-windows-ix86+x86_64-gcc8 0.6.4 52.00 66.00 118.00 NOTE
r-patched-linux-x86_64 0.6.4 25.26 29.50 54.76 NOTE
r-patched-solaris-x86 0.6.4 94.50 NOTE
r-release-linux-x86_64 0.6.4 23.55 26.97 50.52 NOTE
r-release-windows-ix86+x86_64 0.6.4 55.00 76.00 131.00 NOTE
r-release-osx-x86_64 0.6.4 NOTE
r-oldrel-windows-ix86+x86_64 0.6.4 61.00 59.00 120.00 NOTE
r-oldrel-osx-x86_64 0.6.4 NOTE

Check Details

Version: 0.6.4
Check: dependencies in R code
Result: NOTE
    There are ::: calls to the package's namespace in its code. A package
     almost never needs to use ::: for its own objects:
     'count_compare'
Flavors: r-devel-linux-x86_64-debian-clang, r-devel-linux-x86_64-debian-gcc, r-devel-windows-ix86+x86_64, r-devel-windows-ix86+x86_64-gcc8, r-patched-linux-x86_64, r-release-linux-x86_64, r-release-windows-ix86+x86_64, r-oldrel-windows-ix86+x86_64

Version: 0.6.4
Check: dependencies in R code
Result: NOTE
    Namespace in Imports field not imported from: ‘DBI’
     All declared Imports should be used.
    There are ::: calls to the package's namespace in its code. A package
     almost never needs to use ::: for its own objects:
     ‘count_compare’
Flavors: r-devel-linux-x86_64-fedora-clang, r-devel-linux-x86_64-fedora-gcc, r-patched-solaris-x86, r-release-osx-x86_64, r-oldrel-osx-x86_64

Version: 0.6.4
Check: compiled code
Result: NOTE
    File ‘imputeMulti/libs/imputeMulti.so’:
     Found no calls to: ‘R_registerRoutines’, ‘R_useDynamicSymbols’
    
    It is good practice to register native routines and to disable symbol
    search.
    
    See ‘Writing portable packages’ in the ‘Writing R Extensions’ manual.
Flavors: r-devel-linux-x86_64-fedora-clang, r-devel-linux-x86_64-fedora-gcc