Last updated on 2025-02-01 21:49:15 CET.
Flavor | Version | Tinstall | Tcheck | Ttotal | Status | Flags |
---|---|---|---|---|---|---|
r-devel-linux-x86_64-debian-clang | 0.1.1 | 1.34 | 17.43 | 18.77 | OK | |
r-devel-linux-x86_64-debian-gcc | 0.1.1 | 1.36 | 14.01 | 15.37 | OK | |
r-devel-linux-x86_64-fedora-clang | 0.1.1 | 30.98 | OK | |||
r-devel-linux-x86_64-fedora-gcc | 0.1.1 | 29.08 | OK | |||
r-devel-windows-x86_64 | 0.1.1 | 2.00 | 44.00 | 46.00 | OK | |
r-patched-linux-x86_64 | 0.1.1 | 1.57 | 16.88 | 18.45 | NOTE | |
r-release-linux-x86_64 | 0.1.1 | 1.45 | 16.80 | 18.25 | NOTE | |
r-release-macos-arm64 | 0.1.1 | 14.00 | NOTE | |||
r-release-macos-x86_64 | 0.1.1 | 22.00 | NOTE | |||
r-release-windows-x86_64 | 0.1.1 | 2.00 | 45.00 | 47.00 | NOTE | |
r-oldrel-macos-arm64 | 0.1.1 | 16.00 | NOTE | |||
r-oldrel-macos-x86_64 | 0.1.1 | 19.00 | NOTE | |||
r-oldrel-windows-x86_64 | 0.1.1 | 4.00 | 44.00 | 48.00 | NOTE |
Version: 0.1.1
Check: LazyData
Result: NOTE
'LazyData' is specified without a 'data' directory
Flavors: r-patched-linux-x86_64, r-release-linux-x86_64, r-release-macos-arm64, r-release-macos-x86_64, r-release-windows-x86_64, r-oldrel-macos-arm64, r-oldrel-macos-x86_64, r-oldrel-windows-x86_64