CRAN Package Check Results for Package impactr

Last updated on 2024-03-02 12:48:20 CET.

Flavor Version Tinstall Tcheck Ttotal Status Flags
r-devel-linux-x86_64-debian-clang 0.4.1 40.36 65.11 105.47 NOTE
r-devel-linux-x86_64-debian-gcc 0.4.2 24.18 50.34 74.52 NOTE
r-devel-linux-x86_64-fedora-clang 0.4.2 120.62 NOTE
r-devel-linux-x86_64-fedora-gcc 0.4.2 140.38 NOTE
r-devel-windows-x86_64 0.4.2 29.00 90.00 119.00 NOTE
r-patched-linux-x86_64 0.4.2 21.82 63.01 84.83 NOTE
r-release-linux-x86_64 0.4.2 24.38 63.43 87.81 NOTE
r-release-macos-arm64 0.4.2 47.00 NOTE
r-release-macos-x86_64 0.4.2 86.00 NOTE
r-release-windows-x86_64 0.4.2 36.00 108.00 144.00 NOTE
r-oldrel-macos-arm64 0.4.2 42.00 NOTE
r-oldrel-windows-x86_64 0.4.2 32.00 104.00 136.00 NOTE

Check Details

Version: 0.4.1
Check: package dependencies
Result: NOTE Package suggested but not available for checking: ‘accdata’ Flavor: r-devel-linux-x86_64-debian-clang

Version: 0.4.1
Check: Rd \usage sections
Result: NOTE Documented arguments not in \usage in Rd file 'new_impactr_peaks.Rd': ‘acc_signal:’ Functions with \usage entries need to have the appropriate \alias entries, and all their arguments documented. The \usage entries must correspond to syntactically valid R code. See chapter ‘Writing R documentation files’ in the ‘Writing R Extensions’ manual. Flavor: r-devel-linux-x86_64-debian-clang

Version: 0.4.2
Check: package dependencies
Result: NOTE Package suggested but not available for checking: ‘accdata’ Flavors: r-devel-linux-x86_64-debian-gcc, r-devel-linux-x86_64-fedora-clang, r-devel-linux-x86_64-fedora-gcc, r-devel-windows-x86_64, r-patched-linux-x86_64, r-release-linux-x86_64, r-release-macos-arm64, r-release-macos-x86_64, r-release-windows-x86_64, r-oldrel-macos-arm64, r-oldrel-windows-x86_64